NOAA-Stijl Klimaat Rapport

Kies een jaar- of maandrapport
2018: jan feb maa apr mei jun jul aug sep okt nov dec
2017: jan feb maa apr mei jun jul aug sep okt nov dec
2016: jan feb maa apr mei jun jul aug sep okt nov dec
2015: jan feb maa apr mei jun jul aug sep okt nov dec
2014: jan feb maa apr mei jun jul aug sep okt nov dec
2013: jan feb maa apr mei jun jul aug sep okt nov dec
2012: jan feb maa apr mei jun jul aug sep okt nov dec
2011: jan feb maa apr mei jun jul aug sep okt nov dec

Rapport voor 2017 april
                   MONTHLY CLIMATOLOGICAL SUMMARY for APR. 2017

NAME: Weerstation Schinnen   CITY: Schinnen   STATE: The Netherlands 
ELEV:    75 m  LAT:  50° 56' 32" N  LONG:   5° 53' 16" E

                   TEMPERATURE (°C), RAIN  (mm), WIND SPEED (m/s)

                                      HEAT  COOL        AVG
    MEAN                              DEG   DEG         WIND                 DOM
DAY TEMP  HIGH   TIME   LOW    TIME   DAYS  DAYS  RAIN  SPEED HIGH   TIME    DIR
------------------------------------------------------------------------------------
 1  11.6  17.3   13:30   8.4    2:00   6.7   0.0   1.6   0.1   2.7   10:00     W
 2  10.9  19.3   14:00   3.1    8:00   7.5   0.0   2.0   0.1   2.7   15:30    NE
 3   7.8  15.8   17:30   2.1    6:00  10.5   0.0   0.0   0.1   2.2   15:00    NE
 4   9.0  18.2   16:30   0.6    5:00   9.3   0.0   0.0   0.1   2.7   17:30    NE
 5   7.9  14.3   16:30   1.9    6:30  10.4   0.0   0.0   0.1   4.5   16:00    NE
 6   7.4  11.4   17:00   2.3    4:00  10.9   0.0   0.0   0.2   2.2   10:00    NE
 7   9.1  15.2   14:00   1.1    3:30   9.2   0.0   0.0   0.1   4.0   16:00    NE
 8  10.9  16.8   17:00   4.1   00:00   7.4   0.0   0.0   0.1   2.7   17:00    NE
 9  11.6  25.7   17:30   0.0    7:00   8.1   1.4   2.4   0.0   1.8   13:30     S
10   9.8  15.9   16:30   4.2   00:00   8.5   0.0   0.0   0.2   4.9   16:30    NE
11   8.1  17.2   15:30   1.5    6:30  10.2   0.0   0.0   0.1   2.7   13:30     W
12  10.3  16.5   17:30   3.1    5:00   8.0   0.0   0.0   0.3   5.8   12:30     W
13  10.3  16.0   18:00   3.0   00:00   8.0   0.0   0.6   0.1   3.6   14:30    SE
14   7.2  13.6   12:30  -0.4    6:00  11.1   0.0   0.0   0.0   3.6   14:00   SSE
15   8.4  12.8   16:30   1.4   00:00   9.9   0.0   1.2   0.1   4.0   14:30     W
16   7.1  13.6   15:00   1.2    0:30  11.2   0.0   0.0   0.1   3.1   10:00     W
17   7.3  12.9   16:30   3.7   23:30  11.0   0.0  11.8   0.4   6.3   17:00    NE
18   5.6  13.0   16:00  -0.7    7:00  12.8   0.0   0.2   0.3   4.0   16:00    NE
19   4.8   9.4   15:30  -1.5   00:00  13.5   0.0   0.0   0.7   4.9   11:00   NNE
20   4.4  14.1   16:00  -4.3    6:30  13.9   0.0   0.0   0.1   3.6   11:30    NE
21   8.4  17.3   15:30  -1.3    4:00   9.8   0.0   0.0   0.1   4.9   14:00     W
22   9.2  13.7   15:00   6.1    8:00   9.1   0.0   1.8   0.3   4.5   14:30    NE
23   6.8  12.5   14:30   0.6   00:00  11.5   0.0   0.0   0.2   3.1   14:00    NE
24   8.4  17.9   15:00  -2.0    6:30   9.9   0.0   0.0   0.2   3.6    9:30     W
25   7.6  11.4   14:00   1.5   00:00  10.7   0.0   1.8   0.1   4.5   13:00    NE
26   5.8  14.4   15:00  -2.0    4:30  12.5   0.0   1.2   0.2   4.5   18:30    NE
27   6.3  14.1   14:30  -0.7    7:00  12.0   0.0   0.0   0.1   3.6   14:30    NE
28   6.2  14.7   14:00  -1.3    3:30  12.1   0.0   0.6   0.1   3.1   11:00    NE
29   7.0  15.1   18:00  -2.1    6:30  11.3   0.0   0.0   0.2   2.2   12:30     N
30  13.1  21.9   14:30   2.5    5:30   5.8   0.6   1.8   0.5   5.8   19:00   NNE
-------------------------------------------------------------------------------------
     8.3  25.7     9    -4.3    20   302.9   2.0  27.0   0.2   6.3    17      NE

Max >=  32.0:  0
Max <=   0.0:  0
Min <=   0.0: 11
Min <= -18.0:  0
Max Rain: 11.81 ON 17-04-17
Days of Rain: 12 (> .2 mm) 3 (> 2 mm) 0 (> 20 mm)
Heat Base:  18.3  Cool Base:  18.3  Method: Integration