NOAA-Stijl Klimaat Rapport

Kies een jaar- of maandrapport
2018: jan feb maa apr mei jun jul aug sep okt nov dec
2017: jan feb maa apr mei jun jul aug sep okt nov dec
2016: jan feb maa apr mei jun jul aug sep okt nov dec
2015: jan feb maa apr mei jun jul aug sep okt nov dec
2014: jan feb maa apr mei jun jul aug sep okt nov dec
2013: jan feb maa apr mei jun jul aug sep okt nov dec
2012: jan feb maa apr mei jun jul aug sep okt nov dec
2011: jan feb maa apr mei jun jul aug sep okt nov dec

Rapport voor 2017 mei
                   MONTHLY CLIMATOLOGICAL SUMMARY for MAY. 2017

NAME: Weerstation Schinnen   CITY: Schinnen   STATE: The Netherlands 
ELEV:    75 m  LAT:  50° 56' 32" N  LONG:   5° 53' 16" E

                   TEMPERATURE (°C), RAIN  (mm), WIND SPEED (m/s)

                                      HEAT  COOL        AVG
    MEAN                              DEG   DEG         WIND                 DOM
DAY TEMP  HIGH   TIME   LOW    TIME   DAYS  DAYS  RAIN  SPEED HIGH   TIME    DIR
------------------------------------------------------------------------------------
 1  11.6  14.4    0:30   4.9   00:00   6.8   0.0   0.8   0.1   3.1   12:30     W
 2   8.2  13.7   16:30   3.2    6:30  10.1   0.0  17.2   0.0   2.7   19:00   SSE
 3  10.9  16.5   17:30   7.5    5:30   7.3   0.0  10.8   0.3   4.0   17:00   NNE
 4  11.5  15.1   16:00   9.2    1:00   6.8   0.0   1.4   0.4   4.0   16:00   NNE
 5   9.8  13.7   18:00   5.6   00:00   8.5   0.0   5.4   0.2   4.0   17:00   NNE
 6  13.7  22.3   17:30   4.0    4:30   5.3   0.7   1.8   0.5   5.4   11:30   NNE
 7  13.2  17.8   14:00   8.9    6:30   5.1   0.0   0.8   0.1   3.6   16:00    NE
 8   9.7  12.3   13:30   7.6    7:30   8.6   0.0   0.0   0.1   3.6   13:30    NE
 9   8.9  16.4   15:30  -0.1    6:30   9.4   0.0   3.4   0.2   3.6   14:30    NE
10  10.6  20.4   15:00  -0.4    6:30   7.9   0.2   2.6   0.2   2.7   15:30   NNE
11  13.3  25.3   14:30   3.2    6:00   5.8   0.8  12.6   0.1   3.1   12:30   NNE
12  17.2  25.4   17:30  12.6    2:00   2.5   1.5   3.8   0.1   4.5   12:30     W
13  16.8  23.9   16:00   9.4   00:00   2.8   1.3   4.4   0.2   4.5   14:30   SSE
14  15.4  23.6   14:00   7.5    3:00   3.8   1.0   2.4   0.2   3.6   11:00     W
15  16.8  25.2   17:30   7.0    6:30   3.1   1.6   3.0   0.1   2.2   13:00   SSE
16  20.9  30.0   16:30  11.7    4:30   1.6   4.2  14.2   0.1   3.1   12:30    NE
17  22.6  31.7   15:30  12.7    6:30   1.2   5.5   0.0   0.1   3.6   14:30     W
18  17.7  19.8   18:30  14.2    1:30   0.8   0.2   6.0   0.1   2.2    3:00   NNE
19  13.1  17.0    0:30   8.9   00:00   5.2   0.0  24.6   0.1   4.5    2:30     W
20  13.1  20.4   16:00   6.4    6:00   5.4   0.2   1.4   0.1   4.0   15:00    SE
21  13.6  23.2   14:30   4.5    6:00   5.1   0.8   0.8   0.0   2.2   19:00     N
22  17.1  27.4   15:30   5.6    6:00   4.0   2.8   0.0   0.1   3.1   17:00     N
23  17.7  25.4   14:00   9.8    6:30   2.7   2.1   0.0   0.1   4.5   18:30    NE
24  17.4  24.2   16:30   8.8    6:00   2.8   1.9   0.0   0.0   3.1   15:30    NE
25  16.8  24.8   17:00   8.0    6:00   3.3   1.8   0.0   0.2   3.1   17:00   NNE
26  19.9  27.6   16:30  10.5    3:30   2.0   3.6   0.0   0.4   4.9   15:00   NNW
27  22.9  33.9   16:30  11.6    6:00   1.6   6.2   0.4   0.0   2.2   11:30   WSW
28  21.6  28.5   17:00  15.1    6:00   0.6   3.8   4.0   0.1   2.2   13:30   NNE
29  25.7  34.3   16:00  16.9    4:00   0.1   7.5   0.0   0.0   3.1   15:00   ESE
30  21.2  26.4   15:30  17.1   00:00   0.1   2.9   0.0   0.2   4.0   15:30   ESE
31  18.3  26.2   14:30  10.7    5:30   2.2   2.2   0.0   0.0   2.7    8:00    NE
-------------------------------------------------------------------------------------
    15.7  34.3    29    -0.4    10   132.8  52.8 121.7   0.2   5.4     6     NNE

Max >=  32.0:  2
Max <=   0.0:  0
Min <=   0.0:  2
Min <= -18.0:  0
Max Rain: 24.61 ON 19-05-17
Days of Rain: 21 (> .2 mm) 14 (> 2 mm) 1 (> 20 mm)
Heat Base:  18.3  Cool Base:  18.3  Method: Integration