NOAA-Stijl Klimaat Rapport

Kies een jaar- of maandrapport
2018: jan feb maa apr mei jun jul aug sep okt nov dec
2017: jan feb maa apr mei jun jul aug sep okt nov dec
2016: jan feb maa apr mei jun jul aug sep okt nov dec
2015: jan feb maa apr mei jun jul aug sep okt nov dec
2014: jan feb maa apr mei jun jul aug sep okt nov dec
2013: jan feb maa apr mei jun jul aug sep okt nov dec
2012: jan feb maa apr mei jun jul aug sep okt nov dec
2011: jan feb maa apr mei jun jul aug sep okt nov dec

Rapport voor 2017 juni
                   MONTHLY CLIMATOLOGICAL SUMMARY for JUN. 2017

NAME: Weerstation Schinnen   CITY: Schinnen   STATE: The Netherlands 
ELEV:    75 m  LAT:  50° 56' 32" N  LONG:   5° 53' 16" E

                   TEMPERATURE (°C), RAIN  (mm), WIND SPEED (m/s)

                                      HEAT  COOL        AVG
    MEAN                              DEG   DEG         WIND                 DOM
DAY TEMP  HIGH   TIME   LOW    TIME   DAYS  DAYS  RAIN  SPEED HIGH   TIME    DIR
------------------------------------------------------------------------------------
 1  18.6  27.5   15:00   9.8    6:00   2.5   2.9   0.0   0.1   2.2   12:00    NE
 2  21.7  31.3   16:00  11.4    5:30   1.8   5.2   0.0   0.0   1.8   13:00   ENE
 3  20.7  27.1   16:00  15.4   00:00   0.6   3.0   0.8   0.0   3.6   14:00    SE
 4  17.0  23.0   16:30   9.4   00:00   2.1   0.8   4.4   0.1   3.1   12:30    SE
 5  16.3  25.1   16:00   7.5    3:00   3.9   1.9   0.0   0.0   2.2   12:30     W
 6  15.1  18.2   14:00  11.7    0:30   3.3   0.0   2.4   0.4   7.2   15:00     W
 7  14.6  19.7   16:30  10.7    6:30   3.7   0.1   0.4   0.5   6.7   11:00   WSW
 8  18.0  25.8   16:30  10.2    1:30   2.4   2.1   0.0   0.2   4.0   11:30     W
 9  16.1  23.0   17:00  10.4   00:00   2.8   0.6   5.6   0.0   2.7   12:00    SE
10  17.3  26.8   18:00   6.8    6:00   3.6   2.5   0.0   0.0   2.7   12:30    SE
11  21.9  30.8   14:30  12.8    3:30   1.3   5.0   0.0   0.1   2.7   11:00     W
12  17.8  21.4   13:00  13.9    6:30   1.1   0.6   0.0   0.1   3.6   10:00   ESE
13  16.8  22.8   16:00   9.5    6:00   2.7   1.2   0.0   0.0   1.8   12:30    SE
14  18.0  26.5   16:30   7.9    6:00   3.2   2.9   0.0   0.3   3.6   11:00   NNE
15  21.2  31.6   13:30  11.2    5:30   1.9   4.8   0.0   0.0   2.7   13:30   ESE
16  17.6  22.4   10:30  10.2   00:00   1.6   0.9   0.0   0.0   3.1   18:00    SE
17  17.8  25.1   17:00   8.8    2:30   2.5   2.1   0.0   0.0   3.1   14:30     E
18  20.8  27.7   18:00  11.9    6:00   1.5   4.0   0.0   0.2   3.1   16:00   NNE
19  23.2  33.3   16:00  11.9    6:30   1.5   6.4   0.0   0.1   2.7   13:30   NNE
20  23.9  32.5   15:30  12.8    6:00   1.2   6.8   0.0   0.2   3.6   17:30   NNE
21  23.4  31.9   17:00  14.6    6:00   0.6   5.7   0.0   0.2   2.7   14:00   NNE
22  25.6  36.1   15:30  15.7    5:00   0.5   7.9   0.0   0.1   3.6   20:30   ESE
23  21.8  27.4   17:30  17.3   00:00   0.1   3.5   0.0   0.1   3.1   17:30    SE
24  19.0  23.8   16:00  13.7    5:30   1.1   1.8   0.0   0.1   3.6    8:30   ESE
25  19.7  23.7   17:00  16.5    6:00   0.3   1.6   1.4   0.1   4.5   20:30    SE
26  19.6  25.6   16:30  13.2   00:00   0.9   2.1   0.0   0.0   1.8    1:30    NE
27  17.8  22.2   18:00  12.4    1:30   1.7   1.2   0.0   0.2   3.6   18:00     N
28  19.4  23.5   18:00  15.2   00:00   0.4   1.5   2.6   0.0   3.6   16:30    NW
29  18.2  24.6   17:00  12.5   00:00   1.6   1.6   0.6   0.1   3.6    8:30   WSW
30  18.3  23.9   16:00  12.5    0:30   1.4   1.3   0.0   0.1   3.6    8:30     W
-------------------------------------------------------------------------------------
    19.2  36.1    22     6.8    10    53.9  82.0  18.2   0.1   7.2     6      SE

Max >=  32.0:  3
Max <=   0.0:  0
Min <=   0.0:  0
Min <= -18.0:  0
Max Rain: 5.59 ON 09-06-17
Days of Rain: 8 (> .2 mm) 4 (> 2 mm) 0 (> 20 mm)
Heat Base:  18.3  Cool Base:  18.3  Method: Integration