NOAA-Stijl Klimaat Rapport

Kies een jaar- of maandrapport
2018: jan feb maa apr mei jun jul aug sep okt nov dec
2017: jan feb maa apr mei jun jul aug sep okt nov dec
2016: jan feb maa apr mei jun jul aug sep okt nov dec
2015: jan feb maa apr mei jun jul aug sep okt nov dec
2014: jan feb maa apr mei jun jul aug sep okt nov dec
2013: jan feb maa apr mei jun jul aug sep okt nov dec
2012: jan feb maa apr mei jun jul aug sep okt nov dec
2011: jan feb maa apr mei jun jul aug sep okt nov dec

Rapport voor 2017 juli
                   MONTHLY CLIMATOLOGICAL SUMMARY for JUL. 2017

NAME: Weerstation Schinnen   CITY: Schinnen   STATE: The Netherlands 
ELEV:    75 m  LAT:  50° 56' 32" N  LONG:   5° 53' 16" E

                   TEMPERATURE (°C), RAIN  (mm), WIND SPEED (m/s)

                                      HEAT  COOL        AVG
    MEAN                              DEG   DEG         WIND                 DOM
DAY TEMP  HIGH   TIME   LOW    TIME   DAYS  DAYS  RAIN  SPEED HIGH   TIME    DIR
------------------------------------------------------------------------------------
 1  15.9  17.1   17:30  14.6    7:00   2.4   0.0  17.2   0.0   1.8    6:30   NNE
 2  15.8  20.9   17:30  10.0   00:00   2.8   0.2   1.2   0.0   1.8    9:00    SE
 3  16.7  24.9   16:00   6.4    6:00   3.6   2.0   0.0   0.0   2.2   14:00    SE
 4  17.9  26.4   17:00  11.0    5:30   2.2   1.9   0.0   0.0   1.3   12:00   SSE
 5  21.4  30.4   16:00  11.2    6:00   1.9   5.0   0.0   0.0   2.2   18:30   ENE
 6  20.6  30.9   14:00  12.6    6:00   1.3   3.6   0.8   0.0   1.8   11:00   NNE
 7  23.6  31.8   15:30  15.0    6:00   0.5   5.8   0.0   0.0   4.0    8:30    SE
 8  21.6  29.8   14:30  13.2    5:30   1.3   4.5   0.0   0.0   2.2   18:30    SE
 9  21.1  27.9   15:30  14.3    6:00   0.5   3.3   0.0   0.0   2.2   15:00   ENE
10  20.6  29.3   15:00  15.0    6:00   1.0   3.2   0.0   0.0   1.8   13:30    SE
11  19.2  25.2   17:30  14.2    3:30   1.0   2.0   0.0   0.1   4.0    7:00    SE
12  16.1  19.2   13:30   9.7   00:00   2.2   0.0  34.8   0.1   3.1   11:30     W
13  15.1  22.5   16:00   6.4    6:00   4.2   0.9   0.0   0.0   2.2   12:30   NNE
14  16.4  23.9   12:30  11.2    1:00   3.1   1.1   1.4   0.0   2.7   18:30    SE
15  16.9  24.8   16:30   8.5    5:00   2.9   1.5   0.0   0.0   1.8   10:30    SE
16  19.2  23.1   15:30  15.9    6:00   0.7   1.5   0.0   0.0   2.2    2:00    SE
17  18.6  25.3   16:00  13.0   00:00   1.5   1.7   2.6   0.0   1.8    9:30   ENE
18  21.3  29.7   17:00  10.6    5:30   2.0   5.0   0.0   0.3   3.6   12:00   NNE
19  22.6  31.9   12:00  16.4    4:00   0.3   4.6   1.6   0.0   3.6   14:30     W
20  20.8  27.0   16:30  13.3   00:00   0.4   2.9   1.8   0.1   3.6   14:00    SE
21  18.3  27.1   17:00   8.3    6:30   2.9   2.9   0.0   0.0   2.7   18:00   WSW
22  20.4  27.9   15:30  13.4    6:30   1.0   3.2  16.0   0.0   2.7   15:30     W
23  16.8  19.7   16:30  13.3    6:00   1.6   0.2   5.6   0.2   4.0    8:30     W
24  15.2  19.8   11:30  12.6   23:00   3.1   0.0  14.8   0.0   1.8   14:30   ESE
25  16.3  21.4   12:30  13.4    0:30   2.3   0.3   6.2   0.0   2.7   11:00    NE
26  19.4  25.7   16:00  14.9    1:30   1.0   2.2   0.0   0.0   3.1   12:00    SE
27  18.8  22.4   16:30  14.9   00:00   0.7   1.1   2.6   0.0   2.2    9:30    SE
28  17.4  22.7   15:00  11.7    3:00   2.0   1.1   0.0   0.1   4.5   13:00    SE
29  21.2  26.3   17:30  15.3    2:30   0.4   3.3   0.0   0.1   3.1    3:30   WSW
30  21.7  27.1   16:30  16.7   00:00   0.1   3.5   0.0   0.2   4.0   13:30   WSW
31  19.1  26.6   18:00  12.0    6:30   1.7   2.4   0.0   0.0   3.1   10:00    SE
-------------------------------------------------------------------------------------
    18.9  31.9    19     6.4     3    52.8  71.2 106.6   0.0   4.5    28      SE

Max >=  32.0:  0
Max <=   0.0:  0
Min <=   0.0:  0
Min <= -18.0:  0
Max Rain: 34.80 ON 12-07-17
Days of Rain: 13 (> .2 mm) 8 (> 2 mm) 1 (> 20 mm)
Heat Base:  18.3  Cool Base:  18.3  Method: Integration