NOAA-Stijl Klimaat Rapport

Kies een jaar- of maandrapport
2018: jan feb maa apr mei jun jul aug sep okt nov dec
2017: jan feb maa apr mei jun jul aug sep okt nov dec
2016: jan feb maa apr mei jun jul aug sep okt nov dec
2015: jan feb maa apr mei jun jul aug sep okt nov dec
2014: jan feb maa apr mei jun jul aug sep okt nov dec
2013: jan feb maa apr mei jun jul aug sep okt nov dec
2012: jan feb maa apr mei jun jul aug sep okt nov dec
2011: jan feb maa apr mei jun jul aug sep okt nov dec

Rapport voor 2017 augustus
                   MONTHLY CLIMATOLOGICAL SUMMARY for AUG. 2017

NAME: Weerstation Schinnen   CITY: Schinnen   STATE: The Netherlands 
ELEV:    75 m  LAT:  50° 56' 32" N  LONG:   5° 53' 16" E

                   TEMPERATURE (°C), RAIN  (mm), WIND SPEED (m/s)

                                      HEAT  COOL        AVG
    MEAN                              DEG   DEG         WIND                 DOM
DAY TEMP  HIGH   TIME   LOW    TIME   DAYS  DAYS  RAIN  SPEED HIGH   TIME    DIR
------------------------------------------------------------------------------------
 1  17.9  24.1   16:00  13.4   00:00   1.5   1.1   0.8   0.0   2.7   12:30   NNE
 2  18.2  24.6   12:30  12.7    2:30   1.6   1.5   1.4   0.0   2.7   14:00     W
 3  20.1  26.2   17:30  14.1   00:00   0.5   2.3   1.6   0.2   3.1    7:30     W
 4  18.7  23.8   16:30  14.1    0:30   1.1   1.5   0.0   0.1   5.8   17:00    SE
 5  16.4  21.8   15:30  13.2   00:00   2.1   0.3  19.6   0.0   2.7   14:30   ESE
 6  15.7  24.0   18:00   8.9    6:30   3.8   1.1   0.2   0.0   1.8   10:30   WSW
 7  17.1  26.3   15:30   7.9    6:00   3.6   2.4   0.0   0.0   1.8   16:00   NNE
 8  15.3  18.5   16:00  12.4    6:00   3.0   0.0   4.4   0.0   2.7   18:00   ESE
 9  16.7  22.8   18:00  12.8    1:30   2.3   0.7   0.0   0.0   3.1   11:00     W
10  14.9  16.8   14:30  13.5    7:00   3.4   0.0  12.0   0.0   1.3   12:30   NNE
11  16.3  20.8   16:00  13.7   00:00   2.4   0.4   0.4   0.0   1.8   15:30    NE
12  15.9  18.7   18:00  13.3    1:00   2.4   0.0   2.8   0.0   3.1    9:00     W
13  17.7  24.5   16:00  11.9   00:00   1.9   1.3   6.2   0.0   1.3    9:30   ESE
14  18.2  28.3   17:30   9.6    6:30   2.8   2.7   0.0   0.0   1.8   16:30    NE
15  18.0  24.6   13:30  11.9    6:30   1.9   1.6   2.6   0.0   2.2   18:00     W
16  19.1  26.6   15:30  12.1    7:00   1.6   2.4   0.0   0.0   1.8   11:30   NNE
17  17.7  22.8   12:30  12.4    5:30   1.7   1.1   1.2   0.1   4.0   14:30   WSW
18  17.3  20.2   14:00  12.8   23:30   1.2   0.3  10.2   0.0   2.7   20:30   WSW
19  14.3  20.4   14:30  11.3    6:30   4.1   0.1  11.6   0.0   3.1    9:00     W
20  14.6  20.8   17:00  10.3    7:30   4.0   0.3   0.2   0.0   3.1   14:00    SE
21  16.1  23.7   15:00   9.6    7:00   3.4   1.2   0.0   0.0   1.3   11:30     W
22  17.7  25.7   14:30   9.9    4:00   2.7   2.1   0.0   0.0   1.8   14:00   NNE
23  19.9  28.4   15:00  11.4    7:30   1.9   3.6   0.0   0.0   2.2   11:30     W
24  18.7  24.8   15:30  13.1   00:00   1.1   1.5   0.0   0.0   3.1   12:00    SE
25  18.1  25.1   14:00  10.8    4:30   2.4   2.1   0.0   0.1   2.2   13:00   NNE
26  20.2  27.5   16:30  14.2    6:30   1.1   3.0   0.0   0.0   1.8   16:30   ENE
27  18.8  25.9   15:30  13.7    7:30   1.7   2.2   0.0   0.0   1.8   13:00   NNE
28  19.9  29.2   16:00  12.0    7:00   1.9   3.5   0.0   0.0   1.3   13:00     N
29  21.3  31.2   15:30  13.9    7:00   1.3   4.3   0.0   0.0   1.8   12:30     W
30  19.6  26.6   15:30  14.8    5:30   0.8   2.1  14.2   0.0   2.2   13:00    SE
31  15.2  19.9   16:00  11.1   22:30   3.2   0.1   6.8   0.0   1.3    3:00   ESE
-------------------------------------------------------------------------------------
    17.6  31.2    29     7.9     7    68.4  46.7  96.2   0.0   5.8     4       W

Max >=  32.0:  0
Max <=   0.0:  0
Min <=   0.0:  0
Min <= -18.0:  0
Max Rain: 19.61 ON 05-08-17
Days of Rain: 17 (> .2 mm) 10 (> 2 mm) 0 (> 20 mm)
Heat Base:  18.3  Cool Base:  18.3  Method: Integration