NOAA-Stijl Klimaat Rapport

Kies een jaar- of maandrapport
2018: jan feb maa apr mei jun jul aug sep okt nov dec
2017: jan feb maa apr mei jun jul aug sep okt nov dec
2016: jan feb maa apr mei jun jul aug sep okt nov dec
2015: jan feb maa apr mei jun jul aug sep okt nov dec
2014: jan feb maa apr mei jun jul aug sep okt nov dec
2013: jan feb maa apr mei jun jul aug sep okt nov dec
2012: jan feb maa apr mei jun jul aug sep okt nov dec
2011: jan feb maa apr mei jun jul aug sep okt nov dec

Rapport voor 2017 september
                   MONTHLY CLIMATOLOGICAL SUMMARY for SEP. 2017

NAME: Weerstation Schinnen   CITY: Schinnen   STATE: The Netherlands 
ELEV:    75 m  LAT:  50° 56' 32" N  LONG:   5° 53' 16" E

                   TEMPERATURE (°C), RAIN  (mm), WIND SPEED (m/s)

                                      HEAT  COOL        AVG
    MEAN                              DEG   DEG         WIND                 DOM
DAY TEMP  HIGH   TIME   LOW    TIME   DAYS  DAYS  RAIN  SPEED HIGH   TIME    DIR
------------------------------------------------------------------------------------
 1  15.2  23.0   14:30   9.8    7:30   3.6   0.5   0.2   0.0   1.3   12:00   ENE
 2  15.0  21.2   15:30   9.6   00:00   3.6   0.3   0.2   0.0   2.7   13:30   ENE
 3  13.6  22.3   15:30   6.6    7:00   5.4   0.7   0.0   0.0   1.8   15:00   WSW
 4  14.6  21.8   14:30   8.0    6:00   4.1   0.3   0.0   0.0   2.7   17:00     W
 5  19.8  25.4   16:00  15.0    5:30   0.9   2.4   0.0   0.0   2.7   16:00     W
 6  16.4  20.1   15:30  12.6   21:00   2.0   0.1   1.4   0.0   2.7    5:30    SE
 7  15.3  20.4   14:30  12.1    5:00   3.1   0.1   0.0   0.0   2.2   20:30     W
 8  15.3  16.8   11:30  14.6   00:00   3.0   0.0  29.6   0.2   5.4   11:00     W
 9  13.9  17.3   15:00  10.9   21:30   4.4   0.0  12.2   0.0   1.8    0:30     W
10  13.1  18.9   14:00   7.3    7:30   5.2   0.0   0.2   0.2   5.4   22:00     W
11  15.0  18.5   15:30  12.4    8:00   3.3   0.0   1.0   0.4   5.8    1:30     W
12  14.2  19.3   15:00  11.6   23:30   4.1   0.0   2.8   0.1   3.6    0:30    SE
13  14.8  18.5   14:00  12.3    5:00   3.5   0.0   2.8   0.5   5.4    6:00    SE
14  12.2  15.6   13:30   9.7   00:00   6.1   0.0   8.8   0.2   4.0   13:30    SE
15  11.1  16.7   14:00   7.1   00:00   7.2   0.0   7.4   0.0   1.8   11:00     W
16  10.4  17.1   14:00   4.8    7:30   7.9   0.0   3.2   0.0   1.8   13:30   WSW
17  10.4  17.3   14:00   5.6    4:00   7.9   0.0   0.2   0.0   1.8   13:30     W
18  11.0  16.6   15:30   7.2    4:30   7.3   0.0   5.4   0.0   3.6   14:30   WSW
19  11.9  17.3   15:30   9.2   00:00   6.3   0.0   0.0   0.0   1.3   13:00    SE
20  12.1  18.7   15:30   7.7   00:00   6.3   0.0   0.0   0.0   1.8   12:00    SE
21  11.3  19.7   15:00   5.3    7:30   7.1   0.1   0.0   0.0   1.3   13:30     W
22  12.2  20.3   15:30   5.4    7:00   6.2   0.2   0.6   0.0   2.2   16:30    SE
23  11.6  17.7   15:00   6.8   00:00   6.7   0.0   0.2   0.0   1.8   14:00   NNE
24  11.3  20.1   15:00   4.4    6:00   7.3   0.3   0.0   0.1   2.2   14:00   NNE
25  12.2  20.4   15:30   5.6    8:00   6.4   0.3   0.0   0.1   3.1   13:30   NNE
26  13.8  21.1   16:00   8.8    0:30   4.8   0.4   0.0   0.1   3.1   13:30   NNE
27  12.9  22.4   15:00   6.1    7:00   5.9   0.6   0.0   0.0   1.3   13:00     W
28  15.7  22.7   14:30  10.3    1:30   3.2   0.6   3.6   0.0   2.7   14:30     W
29  17.5  24.6   16:30  10.9    8:00   2.1   1.3   0.0   0.0   1.3   11:30     W
30  13.6  17.0    2:30   7.4   00:00   4.7   0.0  31.0   0.0   1.8   14:30    SE
-------------------------------------------------------------------------------------
    13.6  25.4     5     4.4    24   149.7   8.1 110.8   0.1   5.8    11       W

Max >=  32.0:  0
Max <=   0.0:  0
Min <=   0.0:  0
Min <= -18.0:  0
Max Rain: 30.99 ON 30-09-17
Days of Rain: 18 (> .2 mm) 10 (> 2 mm) 2 (> 20 mm)
Heat Base:  18.3  Cool Base:  18.3  Method: Integration