NOAA-Stijl Klimaat Rapport

Kies een jaar- of maandrapport
2018: jan feb maa apr mei jun jul aug sep okt nov dec
2017: jan feb maa apr mei jun jul aug sep okt nov dec
2016: jan feb maa apr mei jun jul aug sep okt nov dec
2015: jan feb maa apr mei jun jul aug sep okt nov dec
2014: jan feb maa apr mei jun jul aug sep okt nov dec
2013: jan feb maa apr mei jun jul aug sep okt nov dec
2012: jan feb maa apr mei jun jul aug sep okt nov dec
2011: jan feb maa apr mei jun jul aug sep okt nov dec

Rapport voor 2017 november
                   MONTHLY CLIMATOLOGICAL SUMMARY for NOV. 2017

NAME: Weerstation Schinnen   CITY: Schinnen   STATE: The Netherlands 
ELEV:    75 m  LAT:  50° 56' 32" N  LONG:   5° 53' 16" E

                   TEMPERATURE (°C), RAIN  (mm), WIND SPEED (m/s)

                                      HEAT  COOL        AVG
    MEAN                              DEG   DEG         WIND                 DOM
DAY TEMP  HIGH   TIME   LOW    TIME   DAYS  DAYS  RAIN  SPEED HIGH   TIME    DIR
------------------------------------------------------------------------------------
 1   9.9  14.7   14:00   7.0   19:30   8.4   0.0   0.0   0.1   3.1    1:00     W
 2   9.5  12.6   14:30   6.0    2:30   8.8   0.0   0.0   0.0   2.7   11:30    SE
 3   8.7  13.9   13:00   2.8   23:30   9.6   0.0   0.4   0.0   0.9    3:30    SE
 4  10.3  16.1   13:30   3.4    0:30   8.0   0.0   0.2   0.2   5.4   12:30     W
 5   7.6  12.7    0:30   2.2   00:00  10.7   0.0   8.0   0.0   2.7   12:00    SE
 6   3.3  10.2   14:30  -1.3   00:00  15.0   0.0   0.2   0.0   2.2   12:30    NE
 7   2.3   8.2   14:30  -2.8    7:30  16.0   0.0   0.0   0.1   1.8   13:00    NE
 8   6.1   7.1   22:00   4.5    0:30  12.2   0.0   2.0   0.0   0.9   11:00    NE
 9   7.2   8.8   13:30   5.6    9:00  11.1   0.0   0.0   0.1   4.9   23:30     W
10   7.4  10.4   12:00   3.7   23:00  10.9   0.0   2.2   0.2   4.5   13:30     W
11   6.1   8.4   15:00   2.9   23:30  12.3   0.0   2.2   0.0   3.1    2:00    SE
12   4.8   6.9   14:00   2.7    2:00  13.5   0.0   2.6   0.0   3.1   14:00    SE
13   4.4   9.8   14:00  -0.7   00:00  13.9   0.0   0.6   0.1   4.5   11:30    NE
14   5.0   9.9   15:00  -1.3    3:30  13.3   0.0   0.2   0.1   3.6   12:00     W
15   8.4  10.8   15:00   6.8    0:30   9.9   0.0   0.2   0.0   1.8   13:30     W
16   8.7  10.7   15:00   5.8    6:00   9.6   0.0   0.0   0.0   2.2   20:30     W
17   5.6   9.8   14:00   0.1   23:00  12.7   0.0   1.2   0.0   1.8    4:30    NE
18   4.3   7.3   21:30  -0.3    3:30  14.0   0.0   0.8   0.2   4.5   14:00     W
19   5.1   8.4   13:30   2.1    6:30  13.3   0.0   2.6   0.1   4.5   15:00    SE
20   5.7   9.8   00:00   2.7    2:00  12.6   0.0   4.8   0.3   4.9   18:00     W
21  10.1  10.7   10:00   9.2   20:30   8.3   0.0   2.0   0.4   4.5   21:30   WSW
22  10.4  13.6   15:00   7.8   20:30   7.9   0.0   0.0   0.4   4.0    1:30     W
23  12.4  15.8   14:00   8.8   20:30   5.9   0.0   0.2   0.6   8.0   11:30   WSW
24   7.7  10.1    0:30   5.2   18:00  10.6   0.0  14.0   0.0   1.8    6:30    SE
25   4.3   6.6   15:00   1.4   19:30  14.0   0.0   2.6   0.0   4.0    1:30    NE
26   3.8   5.8   14:00   1.8    5:30  14.5   0.0   0.2   0.4   4.0   23:00   WSW
27   5.7   7.8   21:00   2.9    4:00  12.6   0.0  14.4   0.6   7.6   12:30     W
28   4.8   7.3   14:30   1.6   18:30  13.5   0.0   1.2   0.1   3.6    9:00   WSW
29   1.9   3.9    0:30  -1.3    7:30  16.4   0.0   0.0   0.0   2.2   13:00     W
30   2.6   3.8   15:00   1.4   20:00  15.7   0.0   3.4   0.0   2.7   16:30    SE
-------------------------------------------------------------------------------------
     6.5  16.1     4    -2.8     7   355.0   0.0  66.2   0.1   8.0    23       W

Max >=  32.0:  0
Max <=   0.0:  0
Min <=   0.0:  6
Min <= -18.0:  0
Max Rain: 14.40 ON 27-11-17
Days of Rain: 23 (> .2 mm) 12 (> 2 mm) 0 (> 20 mm)
Heat Base:  18.3  Cool Base:  18.3  Method: Integration