NOAA-Stijl Klimaat Rapport

Kies een jaar- of maandrapport
2018: jan feb maa apr mei jun jul aug sep okt nov dec
2017: jan feb maa apr mei jun jul aug sep okt nov dec
2016: jan feb maa apr mei jun jul aug sep okt nov dec
2015: jan feb maa apr mei jun jul aug sep okt nov dec
2014: jan feb maa apr mei jun jul aug sep okt nov dec
2013: jan feb maa apr mei jun jul aug sep okt nov dec
2012: jan feb maa apr mei jun jul aug sep okt nov dec
2011: jan feb maa apr mei jun jul aug sep okt nov dec

Rapport voor 2017 december
                   MONTHLY CLIMATOLOGICAL SUMMARY for DEC. 2017

NAME: Weerstation Schinnen   CITY: Schinnen   STATE: The Netherlands 
ELEV:    75 m  LAT:  50° 56' 32" N  LONG:   5° 53' 16" E

                   TEMPERATURE (°C), RAIN  (mm), WIND SPEED (m/s)

                                      HEAT  COOL        AVG
    MEAN                              DEG   DEG         WIND                 DOM
DAY TEMP  HIGH   TIME   LOW    TIME   DAYS  DAYS  RAIN  SPEED HIGH   TIME    DIR
------------------------------------------------------------------------------------
 1   2.3   4.2   14:30   0.2   21:00  16.0   0.0   1.4   0.1   2.7   14:30   NNE
 2   0.4   1.9   14:30  -1.6   00:00  17.9   0.0   0.6   0.0   0.9    5:00    SE
 3   0.9   2.7   00:00  -1.7    0:30  17.4   0.0   4.2   0.0   3.1   11:30     W
 4   5.2   8.3   14:30   2.7    0:30  13.1   0.0   1.0   0.0   2.7   11:30    SE
 5   5.9   6.7   13:00   4.7    0:30  12.4   0.0   0.0   0.0   2.7   00:00     W
 6   6.9   8.3   12:30   5.9    1:30  11.4   0.0   0.0   0.0   3.6   13:00     W
 7   5.5   7.1   15:30   2.7    9:00  12.8   0.0   5.8   0.7   6.7   16:00   WSW
 8   2.9   5.7    0:30   0.8   00:00  15.4   0.0   0.4   0.0   4.0   12:30   WSW
 9   1.2   2.7   14:00  -0.5    3:00  17.2   0.0   0.2   0.0   4.0    7:00    SE
10   3.1   7.7   19:30   0.5   12:30  15.2   0.0  11.2   0.1  11.2   19:00     W
11   2.4   6.6   19:30  -0.9    3:00  15.9   0.0  12.6   0.1   3.1   12:30     N
12   1.8   3.2   12:30  -0.7   23:30  16.6   0.0   0.8   0.0   4.5    7:00    SE
13   3.9   7.4   22:00   0.0    2:00  14.4   0.0  17.2   0.1   7.2   14:00     W
14   3.5   5.3    0:30   1.5    3:30  14.8   0.0  12.8   0.1   7.2   10:00   WSW
15   3.6   4.6   14:00   2.4    0:30  14.7   0.0   0.6   0.0   3.6    0:30    SE
16   2.9   5.2   14:30   0.4    5:00  15.4   0.0   3.6   0.0   2.7   14:30    SE
17   2.2   3.7   14:30   0.2    7:30  16.2   0.0   2.0   0.0   4.5   22:30     W
18   5.1   7.1   14:00   1.2    1:00  13.2   0.0   7.8   0.0   4.9    3:00    NE
19   5.1   7.0   14:00   2.9    2:00  13.2   0.0   0.4   0.0   2.2   21:30    SE
20   6.9   7.9   15:30   5.7    0:30  11.3   0.0   1.0   0.0   0.9    1:00    SE
21   8.4   9.2   14:30   7.4    5:00   9.8   0.0   2.2   0.0   1.3   10:30    SE
22   9.5   9.9    5:30   9.0    0:30   8.8   0.0   4.8   0.0   0.9    3:00    SE
23   8.9   9.6   17:00   8.3    5:00   9.3   0.0   0.4   0.0   4.5   21:00   WSW
24   8.9   9.3    0:30   8.4   00:00   9.4   0.0   0.0   0.2   7.6    6:00   WSW
25   6.7   8.4    0:30   3.9   23:30  11.6   0.0   0.0   0.0   4.5   14:00     W
26   5.4   8.1    6:00   2.4   21:30  12.8   0.0   5.0   0.2   6.3   13:30   WSW
27   5.6   7.4   14:00   3.8   00:00  12.7   0.0   3.8   0.0   4.5    7:30     W
28   2.5   3.9    0:30   1.0    7:30  15.8   0.0   1.8   0.0   4.0   11:30    SE
29   2.4   5.2   00:00  -0.7    5:30  15.9   0.0   2.8   0.0   5.8   15:00     W
30   9.0  12.9   20:30   2.8    3:30   9.3   0.0   4.2   0.2   6.7   11:00   WSW
31  11.9  14.1   13:00   7.8   00:00   6.4   0.0  13.4   0.4   7.6   15:00   WSW
-------------------------------------------------------------------------------------
     4.9  14.1    31    -1.7     3   416.3   0.0 122.0   0.1  11.2    10     WSW

Max >=  32.0:  0
Max <=   0.0:  0
Min <=   0.0:  7
Min <= -18.0:  0
Max Rain: 17.20 ON 13-12-17
Days of Rain: 27 (> .2 mm) 16 (> 2 mm) 0 (> 20 mm)
Heat Base:  18.3  Cool Base:  18.3  Method: Integration