NOAA-Stijl Klimaat Rapport

Kies een jaar- of maandrapport
2018: jan feb maa apr mei jun jul aug sep okt nov dec
2017: jan feb maa apr mei jun jul aug sep okt nov dec
2016: jan feb maa apr mei jun jul aug sep okt nov dec
2015: jan feb maa apr mei jun jul aug sep okt nov dec
2014: jan feb maa apr mei jun jul aug sep okt nov dec
2013: jan feb maa apr mei jun jul aug sep okt nov dec
2012: jan feb maa apr mei jun jul aug sep okt nov dec
2011: jan feb maa apr mei jun jul aug sep okt nov dec

Rapport voor 2018 januari
                   MONTHLY CLIMATOLOGICAL SUMMARY for JAN. 2018

NAME: Weerstation Schinnen   CITY: Schinnen   STATE: The Netherlands 
ELEV:    75 m  LAT:  50° 56' 32" N  LONG:   5° 53' 16" E

                   TEMPERATURE (°C), RAIN  (mm), WIND SPEED (m/s)

                                      HEAT  COOL        AVG
    MEAN                              DEG   DEG         WIND                 DOM
DAY TEMP  HIGH   TIME   LOW    TIME   DAYS  DAYS  RAIN  SPEED HIGH   TIME    DIR
------------------------------------------------------------------------------------
 1   6.5   8.4   14:30   4.9   23:00  11.8   0.0   5.8   0.2   7.2    3:30     W
 2   6.4   8.3   00:00   5.0    0:30  11.9   0.0   4.0   0.0   5.4   00:00     W
 3   8.8  11.3    5:00   7.1   18:00   9.5   0.0  14.8   0.6   8.0    3:00   WSW
 4   8.7  11.7   17:30   6.7    4:00   9.6   0.0   3.2   0.2   7.2   21:30   WSW
 5   8.0  10.1   14:00   4.5   00:00  10.3   0.0   2.2   0.1   4.9    2:00   WSW
 6   4.3   7.4   15:00   0.6    8:30  14.0   0.0   0.2   0.0   1.8   20:30     N
 7   3.8   5.4    0:30   2.6   00:00  14.5   0.0   0.2   1.1   5.8   14:30   NNE
 8   4.3   6.3   15:30   2.6    0:30  14.0   0.0   0.0   0.5   4.5   15:30   NNE
 9   3.2   6.4   15:30  -0.1    8:30  15.1   0.0   0.0   0.0   2.7    1:00     N
10   6.4   9.6   13:00   3.6    0:30  11.9   0.0   2.4   0.0   3.1   13:30     W
11   5.1   8.7   15:00   2.3    3:00  13.2   0.0   0.0   0.0   0.4   12:30   NNW
12   4.8   6.7   15:30   0.3   20:00  13.5   0.0   0.0   0.0   0.9    2:00    NE
13   3.4   7.3   13:30  -1.3    8:00  14.9   0.0   0.0   0.0   3.6   14:30     N
14   2.5   6.6   14:30  -2.6   00:00  15.8   0.0   0.0   0.0   2.7    3:00     N
15   5.3   7.8   14:30  -2.5    0:30  13.0   0.0   6.8   0.3   6.7   14:00     W
16   5.5   8.6   14:00   1.4   21:00  12.8   0.0   3.0   0.2   7.6   11:00   WSW
17   3.2   5.1   15:00   0.8    8:00  15.1   0.0   4.2   0.2   6.3    5:30   WSW
18   5.8  10.7   10:00   2.1   19:30  12.5   0.0  10.4   0.4  10.3   10:30     W
19   3.2   6.1   15:00   1.3   19:00  15.2   0.0   1.6   0.0   4.0   14:00   WSW
20   2.7   4.2   12:00   1.7    9:00  15.6   0.0   6.4   0.0   3.1    3:00     W
21   2.3   5.4   14:00  -1.6    9:00  16.0   0.0   2.6   0.0   3.1   21:30   SSE
22   7.1   9.4   14:30   2.1    0:30  11.2   0.0   2.0   0.0   2.2    7:30    SE
23   8.1  10.7   15:00   4.7    4:00  10.3   0.0   0.4   0.1   4.9   18:00   WSW
24  12.1  14.3   12:30  10.0    0:30   6.2   0.0   0.2   0.4   5.8   16:00   WSW
25   7.8  12.2    0:30   4.9   22:30  10.5   0.0   8.0   0.0   5.4    1:00   WSW
26   5.2   8.4   16:00   2.2    9:00  13.1   0.0   0.0   0.0   1.3   12:30    SE
27   5.9   8.4   15:00   4.1    5:00  12.4   0.0   0.0   0.1   4.9   23:30   WSW
28   8.5  11.3   15:30   4.8    1:00   9.8   0.0   1.2   0.3   5.8    5:00   WSW
29   9.6  10.6   12:30   5.6   00:00   8.7   0.0   2.4   0.4   5.8    9:30   WSW
30   3.4   8.2   15:30  -0.8    8:30  14.9   0.0   0.2   0.0   2.2   13:30   SSE
31   7.4   9.6   11:00   3.4   00:00  10.9   0.0  10.8   0.3   6.3    9:00   WSW
-------------------------------------------------------------------------------------
     5.8  14.3    24    -2.6    14   388.0   0.0  93.0   0.2  10.3    18     WSW

Max >=  32.0:  0
Max <=   0.0:  0
Min <=   0.0:  6
Min <= -18.0:  0
Max Rain: 14.81 ON 03-01-18
Days of Rain: 23 (> .2 mm) 16 (> 2 mm) 0 (> 20 mm)
Heat Base:  18.3  Cool Base:  18.3  Method: Integration