NOAA-Stijl Klimaat Rapport

Kies een jaar- of maandrapport
2018: jan feb maa apr mei jun jul aug sep okt nov dec
2017: jan feb maa apr mei jun jul aug sep okt nov dec
2016: jan feb maa apr mei jun jul aug sep okt nov dec
2015: jan feb maa apr mei jun jul aug sep okt nov dec
2014: jan feb maa apr mei jun jul aug sep okt nov dec
2013: jan feb maa apr mei jun jul aug sep okt nov dec
2012: jan feb maa apr mei jun jul aug sep okt nov dec
2011: jan feb maa apr mei jun jul aug sep okt nov dec

Rapport voor 2018 maart
                   MONTHLY CLIMATOLOGICAL SUMMARY for MAR. 2018

NAME: Weerstation Schinnen   CITY: Schinnen   STATE: The Netherlands 
ELEV:    75 m  LAT:  50° 56' 32" N  LONG:   5° 53' 16" E

                   TEMPERATURE (°C), RAIN  (mm), WIND SPEED (m/s)

                                      HEAT  COOL        AVG
    MEAN                              DEG   DEG         WIND                 DOM
DAY TEMP  HIGH   TIME   LOW    TIME   DAYS  DAYS  RAIN  SPEED HIGH   TIME    DIR
------------------------------------------------------------------------------------
 1  -2.8   1.7   15:00  -6.3    0:30  21.1   0.0   0.0   1.0   8.5   17:00   NNE
 2  -1.9   0.6   15:00  -3.3    8:30  20.3   0.0   0.0   0.7   7.6    8:00   NNW
 3   0.2   3.9   15:00  -2.4    8:00  18.1   0.0   3.4   0.2   4.5   14:00     N
 4   5.4  12.3   13:00  -1.9    7:00  12.9   0.0   0.4   0.1   3.6   22:30     N
 5   5.3  13.5   14:30  -1.4   00:00  12.9   0.0   0.0   0.0   2.2   12:30     W
 6   4.5  12.8   15:00  -2.4    7:00  13.8   0.0   1.8   0.0   2.2   12:00   SSE
 7   3.7   8.5   13:00  -1.8    5:30  14.6   0.0   7.6   0.0   3.6   21:00     W
 8   4.6   9.3   11:30  -0.5    5:30  13.8   0.0   6.0   0.1   5.8   11:30     W
 9   6.4  10.6   14:30   1.2    3:30  11.9   0.0  14.0   0.0   2.7    1:30     W
10  11.6  17.2   13:30   7.1    0:30   6.7   0.0   1.0   0.0   3.6   13:30   WNW
11  10.9  16.4   16:00   5.1   00:00   7.4   0.0   3.0   0.0   4.9   12:00     W
12  10.1  15.4   14:30   4.9    1:00   8.3   0.0   3.0   0.1   4.9   19:00   WSW
13   6.3   8.8    0:30   4.6   22:00  12.0   0.0  11.2   0.2   5.4    8:00     W
14   6.8  13.7   15:00  -0.8    6:30  11.5   0.0   0.2   0.1   3.1   14:30   NNE
15   7.3  11.2   12:30   4.8    7:00  11.0   0.0   7.0   0.3   3.6   10:30   NNE
16   5.6  10.1   14:00   1.7    5:30  12.8   0.0   4.0   0.3   3.6   20:30   NNE
17  -1.0   1.7    0:30  -1.9   00:00  19.3   0.0   0.0   1.5   6.3   17:30   NNE
18  -0.7   1.8   15:30  -2.2    8:00  19.0   0.0   0.0   1.0   5.8   10:00   NNE
19   0.1   3.9   16:30  -4.1   00:00  18.2   0.0   2.0   0.5   5.8   14:30   NNE
20   1.8   9.0   15:30  -6.5    4:00  16.5   0.0  11.6   0.4   6.3   17:00   NNE
21   1.2   7.2   15:30  -4.6    4:30  17.1   0.0  10.6   0.0   1.8    5:00   SSE
22   4.9   8.1   16:00   1.6    0:30  13.4   0.0   5.2   0.0   3.6    8:30   SSE
23   5.9   8.4   14:30   4.4   00:00  12.4   0.0   0.2   0.0   4.0   14:30     W
24   7.1  13.1   15:30   0.1   00:00  11.2   0.0   0.0   0.2   3.6   15:30   NNE
25   7.1  14.1   14:30  -1.7    4:00  10.7   0.0   9.4   0.1   2.7   15:30   NNE
26   6.9  12.4   15:00   0.9   00:00  11.3   0.0   1.4   0.0   3.6   13:30   NNE
27   4.6  12.2   12:00  -2.9    7:00  13.8   0.0   3.6   0.0   3.1   13:00     W
28   7.9  10.2   19:30   4.1   23:30  10.3   0.0  10.0   0.0   6.3   19:30     W
29   6.4  12.9   18:00   2.3   00:00  11.9   0.0   6.2   0.1   4.5   13:00   WSW
30   8.9  15.1   14:30   1.9    0:30   9.4   0.0  17.4   0.3   5.4   13:30   NNE
31   7.4  14.9   14:00  -0.2    8:00  10.9   0.0  34.0   0.0   2.7   11:00    SE
-------------------------------------------------------------------------------------
     4.9  17.2    10    -6.5    20   414.4   0.0 174.2   0.2   8.5     1     NNE

Max >=  32.0:  0
Max <=   0.0:  0
Min <=   0.0: 17
Min <= -18.0:  0
Max Rain: 34.01 ON 31-03-18
Days of Rain: 25 (> .2 mm) 19 (> 2 mm) 1 (> 20 mm)
Heat Base:  18.3  Cool Base:  18.3  Method: Integration