NOAA-Stijl Klimaat Rapport

Kies een jaar- of maandrapport
2018: jan feb maa apr mei jun jul aug sep okt nov dec
2017: jan feb maa apr mei jun jul aug sep okt nov dec
2016: jan feb maa apr mei jun jul aug sep okt nov dec
2015: jan feb maa apr mei jun jul aug sep okt nov dec
2014: jan feb maa apr mei jun jul aug sep okt nov dec
2013: jan feb maa apr mei jun jul aug sep okt nov dec
2012: jan feb maa apr mei jun jul aug sep okt nov dec
2011: jan feb maa apr mei jun jul aug sep okt nov dec

Rapport voor 2018 mei
                   MONTHLY CLIMATOLOGICAL SUMMARY for MAY. 2018

NAME: Weerstation Schinnen   CITY: Schinnen   STATE: The Netherlands 
ELEV:    75 m  LAT:  50° 56' 32" N  LONG:   5° 53' 16" E

                   TEMPERATURE (°C), RAIN  (mm), WIND SPEED (m/s)

                                      HEAT  COOL        AVG
    MEAN                              DEG   DEG         WIND                 DOM
DAY TEMP  HIGH   TIME   LOW    TIME   DAYS  DAYS  RAIN  SPEED HIGH   TIME    DIR
------------------------------------------------------------------------------------
 1   9.3  16.1   15:30   4.3   00:00   8.9   0.0  12.6   0.4   5.4    3:00    SE
 2  11.3  19.8   18:00   1.4    6:00   7.1   0.1   1.0   0.2   4.5   15:00   WSW
 3  12.6  17.8   17:30   6.2   00:00   5.7   0.0   0.0   0.2   3.6    1:00   NNE
 4  12.1  20.2   17:00   2.2    6:30   6.5   0.3   3.4   0.2   3.6   18:30   NNE
 5  14.4  23.3   17:30   5.3    7:00   5.1   1.2   0.2   0.4   4.9   12:30   NNW
 6  17.3  26.8   18:00   7.4    6:00   3.7   2.7   0.4   0.4   4.0   13:30   NNW
 7  17.7  26.2   17:30   7.5    6:30   3.4   2.8   0.6   0.3   4.5   17:30   NNW
 8  18.7  28.6   17:00   7.9    6:00   3.4   3.8   0.6   0.2   3.1   14:30   NNW
 9  19.5  29.1   16:00   8.7    6:30   2.6   3.8   4.0   0.0   2.7   19:30    NE
10  14.5  19.6   15:30  10.2   00:00   3.8   0.0   2.8   0.1   3.6   10:30    SE
11  13.4  21.7   18:00   4.3    6:00   5.5   0.6   0.0   0.2   3.6   12:00     N
12  17.2  25.6   15:00   6.2    6:00   3.8   2.7  15.2   0.2   4.5   15:30   NNW
13  13.4  14.7   15:00  12.2    3:00   4.8   0.0  27.4   0.0   3.1   19:00    SE
14  16.2  24.8   18:00  11.5    5:30   3.5   1.3   1.6   0.1   2.7    1:30    NE
15  17.9  25.5   16:00  11.2   00:00   2.6   2.2   0.0   0.2   3.1   14:30   NNE
16  15.8  22.3   13:30   9.9    3:30   3.2   0.7  26.8   0.1   3.6   12:30    NE
17  13.6  19.7   17:00   9.0    4:30   4.8   0.1   1.2   0.2   4.5   16:00    NE
18  12.2  18.9   16:00   6.6    2:30   6.1   0.0   0.0   0.0   2.7   16:30    NE
19  11.2  17.8   18:00   4.6    5:00   7.1   0.0   0.0   0.0   1.8    9:30    NE
20  14.7  24.8   17:30   4.6    6:00   5.0   1.4   0.0   0.1   3.6   15:30   NNW
21  17.7  26.3   15:30  11.1    1:30   2.7   2.1  13.4   0.2   4.9   14:00   NNW
22  16.2  25.1   13:30  10.0    6:00   3.3   1.2  15.6   0.0   2.2   13:30    NE
23  17.4  23.4   15:30  13.8    5:00   2.1   1.2   1.8   0.0   3.1   15:00   NNW
24  18.3  24.4   14:00  11.7    6:00   2.0   2.0   0.0   0.1   3.1   10:00   NNW
25  20.4  28.3   15:00  11.7    6:00   1.7   3.8   0.0   0.0   1.3   14:00   NNE
26  21.9  29.3   16:00  12.9    5:30   1.2   4.8   0.0   0.1   3.6   13:30   NNW
27  20.1  28.0   11:30  15.5    3:00   0.6   2.3   4.0   0.0   2.7   20:00   NNW
28  22.6  30.4   18:00  13.7    5:30   1.0   5.3   0.0   0.0   2.2   12:30   NNE
29  20.9  28.2   14:00  15.6    4:30   0.5   3.1   1.2   0.0   2.7   18:30    SE
30  21.8  29.4   17:30  13.4    6:00   0.9   4.4   0.0   0.0   3.1   14:00     N
31  21.4  30.1   16:00  15.9    3:30   0.5   3.6   3.8   0.0   1.8   14:00     W
-------------------------------------------------------------------------------------
    16.5  30.4    28     1.4     2   113.2  57.5 137.6   0.1   5.4     1      NE

Max >=  32.0:  0
Max <=   0.0:  0
Min <=   0.0:  0
Min <= -18.0:  0
Max Rain: 27.41 ON 13-05-18
Days of Rain: 20 (> .2 mm) 11 (> 2 mm) 2 (> 20 mm)
Heat Base:  18.3  Cool Base:  18.3  Method: Integration