NOAA-Stijl Klimaat Rapport

Kies een jaar- of maandrapport
2019: jan feb maa apr mei jun jul aug sep okt nov dec
2018: jan feb maa apr mei jun jul aug sep okt nov dec
2017: jan feb maa apr mei jun jul aug sep okt nov dec
2016: jan feb maa apr mei jun jul aug sep okt nov dec
2015: jan feb maa apr mei jun jul aug sep okt nov dec
2014: jan feb maa apr mei jun jul aug sep okt nov dec
2013: jan feb maa apr mei jun jul aug sep okt nov dec
2012: jan feb maa apr mei jun jul aug sep okt nov dec
2011: jan feb maa apr mei jun jul aug sep okt nov dec

Rapport voor 2018 augustus
                   MONTHLY CLIMATOLOGICAL SUMMARY for AUG. 2018

NAME: Weerstation Schinnen   CITY: Schinnen   STATE: The Netherlands 
ELEV:    75 m  LAT:  50° 56' 32" N  LONG:   5° 53' 16" E

                   TEMPERATURE (°C), RAIN  (mm), WIND SPEED (m/s)

                                      HEAT  COOL        AVG
    MEAN                              DEG   DEG         WIND                 DOM
DAY TEMP  HIGH   TIME   LOW    TIME   DAYS  DAYS  RAIN  SPEED HIGH   TIME    DIR
------------------------------------------------------------------------------------
 1  22.3  30.7   16:00  14.0    6:30   0.8   4.8   0.0   0.0   2.7   10:30   NNE
 2  24.2  33.8   15:00  14.7    6:30   0.8   6.8   0.0   0.0   2.2   17:30     E
 3  26.0  36.5   15:30  15.3    6:30   0.5   8.2   0.0   0.0   1.8   13:00   ENE
 4  25.4  33.7   16:00  16.9    5:30   0.1   7.3   0.0   0.1   3.1   20:30   ENE
 5  22.6  29.8   15:30  15.2   00:00   0.2   4.5   0.0   0.0   2.2   12:30     E
 6  23.4  34.8   15:00  12.2    6:30   1.6   6.7   0.0   0.0   1.8   15:30   NNE
 7  25.3  36.6   14:30  14.3    6:30   0.8   7.8   0.0   0.0   1.8   13:30    SE
 8  21.7  25.5   17:30  14.6   00:00   0.2   3.7  10.6   0.1   4.9   15:30    SE
 9  18.3  24.7   17:00  12.7    5:30   1.7   1.7  13.6   0.2   4.5   19:00     W
10  18.1  24.1   16:30  12.6    5:30   1.7   1.6   0.4   0.2   3.6   10:00    SE
11  17.6  24.2   14:30  11.2   00:00   2.2   1.5   1.8   0.0   3.1   14:30    SE
12  18.8  29.1   17:30   9.5    6:00   3.1   3.6   0.0   0.0   2.7   11:00     W
13  17.6  22.2   15:00  13.8    0:30   1.4   0.7  12.0   0.0   3.1   10:30     W
14  19.0  25.1   13:30  14.8   00:00   0.9   1.6   0.2   0.0   3.1   15:30    SE
15  18.3  25.3   15:00  13.6    5:30   1.5   1.6   0.0   0.0   3.1   11:30    SE
16  19.2  28.1   15:30  11.4    6:30   2.1   2.9   0.0   0.0   2.2   11:30    SE
17  18.3  23.4   18:00  13.7   00:00   1.1   1.1   8.6   0.0   1.8    4:30   ENE
18  17.4  25.8   15:00   9.8    6:30   3.0   2.1   0.0   0.0   2.7   12:30    SE
19  18.9  26.7   18:00  11.6    6:30   2.0   2.6   0.0   0.1   3.1   14:30    SE
20  20.4  25.3   16:30  17.1    5:30   0.1   2.2   0.0   0.0   1.8   13:30    SE
21  21.6  29.1   15:00  17.1   23:00   0.1   3.4   0.0   0.0   2.2   13:30   NNE
22  21.3  29.9   14:30  15.0    7:00   0.8   3.8   0.0   0.0   1.8   14:00    SE
23  19.6  25.6   14:30  12.9    6:30   1.4   2.6   0.0   0.0   4.0   15:30    SE
24  17.2  21.9   15:00  12.4   23:00   1.7   0.6   1.6   0.0   4.0   15:30    SE
25  13.6  17.4   15:00   8.6   00:00   4.7   0.0   6.2   0.0   4.0   11:00    SE
26  14.0  21.1   14:30   6.3    7:00   4.7   0.4   0.6   0.0   4.0   16:00     W
27  17.1  23.0   14:30  13.1    2:00   2.0   0.8   4.0   0.2   3.6    4:00    SE
28  16.8  23.7   16:00  10.6    7:00   2.7   1.3   0.0   0.0   1.3   12:30     W
29  16.9  24.1   13:00   9.9    4:30   3.0   1.6   3.0   0.0   2.2   20:30   ENE
30  16.4  21.2   14:00  10.3   00:00   2.4   0.5   0.0   0.0   2.7   13:00   ENE
31  14.2  21.6   15:00   9.2   00:00   4.5   0.4   0.0   0.0   2.2   14:30     E
-------------------------------------------------------------------------------------
    19.4  36.6     7     6.3    26    53.9  88.3  62.6   0.0   4.9     8      SE

Max >=  32.0:  5
Max <=   0.0:  0
Min <=   0.0:  0
Min <= -18.0:  0
Max Rain: 13.59 ON 09-08-18
Days of Rain: 12 (> .2 mm) 7 (> 2 mm) 0 (> 20 mm)
Heat Base:  18.3  Cool Base:  18.3  Method: Integration