NOAA-Stijl Klimaat Rapport

Kies een jaar- of maandrapport
2019: jan feb maa apr mei jun jul aug sep okt nov dec
2018: jan feb maa apr mei jun jul aug sep okt nov dec
2017: jan feb maa apr mei jun jul aug sep okt nov dec
2016: jan feb maa apr mei jun jul aug sep okt nov dec
2015: jan feb maa apr mei jun jul aug sep okt nov dec
2014: jan feb maa apr mei jun jul aug sep okt nov dec
2013: jan feb maa apr mei jun jul aug sep okt nov dec
2012: jan feb maa apr mei jun jul aug sep okt nov dec
2011: jan feb maa apr mei jun jul aug sep okt nov dec

Rapport voor 2018 september
                   MONTHLY CLIMATOLOGICAL SUMMARY for SEP. 2018

NAME: Weerstation Schinnen   CITY: Schinnen   STATE: The Netherlands 
ELEV:    75 m  LAT:  50° 56' 32" N  LONG:   5° 53' 16" E

                   TEMPERATURE (°C), RAIN  (mm), WIND SPEED (m/s)

                                      HEAT  COOL        AVG
    MEAN                              DEG   DEG         WIND                 DOM
DAY TEMP  HIGH   TIME   LOW    TIME   DAYS  DAYS  RAIN  SPEED HIGH   TIME    DIR
------------------------------------------------------------------------------------
 1  13.4  22.4   15:00   5.5    7:00   5.7   0.8   0.0   0.1   2.2   12:30   NNE
 2  15.6  25.1   16:00   5.7    7:00   4.5   1.8   0.0   0.1   2.7   14:00   WNW
 3  18.1  22.1   16:30  13.8    5:00   1.2   1.0   0.0   0.0   1.8   17:00   ENE
 4  20.4  26.6   15:00  16.9    5:00   0.4   2.5   0.0   0.0   1.8   14:00   NNE
 5  20.2  27.6   16:00  14.5    4:30   0.9   2.8   4.2   0.0   3.1   19:00   ENE
 6  17.7  23.3   14:30  13.8   23:00   1.3   0.6   2.8   0.0   2.2   15:30    SE
 7  14.0  19.2   15:30   7.6   00:00   4.3   0.0   1.4   0.0   3.1   15:00    SE
 8  13.8  21.4   14:30   7.6    0:30   4.8   0.4   0.0   0.0   3.1   13:30     W
 9  16.4  25.1   14:30  11.3    7:00   3.3   1.5   0.0   0.0   2.2   14:30    SE
10  16.5  23.4   15:00  11.3    2:00   3.0   1.2   0.0   0.0   1.8   15:00    SE
11  18.6  26.7   16:00  12.1    1:30   2.1   2.4   0.0   0.2   4.9   13:00    SE
12  16.3  25.3   14:30  11.2    6:30   3.0   1.0   0.0   0.1   2.7   14:30    SE
13  14.7  19.3   16:30   9.2   00:00   3.7   0.1   2.0   0.0   1.8    4:30   ENE
14  12.9  21.3   15:00   5.2    7:30   5.8   0.4   0.0   0.0   3.1   15:30    SE
15  14.2  22.1   14:30   9.2    7:30   4.7   0.6   0.0   0.0   2.2   12:30    SE
16  14.1  24.1   14:30   6.6    7:30   5.3   1.1   0.0   0.0   2.2   13:00   WSW
17  14.6  25.6   15:00   6.9    7:30   5.2   1.4   0.0   0.0   1.8   13:00     W
18  18.4  29.8   14:30   9.2    3:00   3.3   3.4   0.0   0.1   4.0   10:30    SE
19  18.2  27.2   14:30  11.6    4:30   2.7   2.6   0.0   0.1   4.5   12:00     W
20  18.3  25.3   15:30  11.2    4:30   2.2   2.2   0.0   0.1   3.6   12:30     W
21  17.1  20.9    8:00  12.6   00:00   2.1   0.8   5.0   0.4   5.8    9:30    SE
22  12.3  16.8   13:30  10.3    8:00   6.0   0.0   5.0   0.1   3.6    1:00    SE
23  11.2  13.0   12:00   9.2   23:00   7.1   0.0  23.4   0.0   2.2   15:00    NE
24   8.2  13.4   13:30   4.1   00:00  10.1   0.0   7.4   0.0   1.8   12:30    SE
25   7.4  15.3   16:30   1.5    7:30  10.9   0.0   0.2   0.0   1.8   13:30     N
26   8.6  18.9   15:00   2.1    7:30   9.7   0.0   0.0   0.0   1.3   12:30    SE
27  10.7  22.4   15:00   3.1    7:30   8.2   0.5   0.0   0.0   1.8   15:00    SE
28   9.0  14.9   17:00   4.6    6:00   9.3   0.0   1.2   0.0   1.8   14:00     E
29   7.1  15.2   15:00   0.6    8:00  11.2   0.0   0.0   0.2   2.7   12:00   NNE
30   7.5  17.4   14:30  -0.3    8:00  10.8   0.0   0.0   0.0   2.7   17:30    SE
-------------------------------------------------------------------------------------
    14.2  29.8    18    -0.3    30   152.8  29.2  52.6   0.1   5.8    21      SE

Max >=  32.0:  0
Max <=   0.0:  0
Min <=   0.0:  1
Min <= -18.0:  0
Max Rain: 23.39 ON 23-09-18
Days of Rain: 10 (> .2 mm) 7 (> 2 mm) 1 (> 20 mm)
Heat Base:  18.3  Cool Base:  18.3  Method: Integration