NOAA-Stijl Klimaat Rapport

Kies een jaar- of maandrapport
2019: jan feb maa apr mei jun jul aug sep okt nov dec
2018: jan feb maa apr mei jun jul aug sep okt nov dec
2017: jan feb maa apr mei jun jul aug sep okt nov dec
2016: jan feb maa apr mei jun jul aug sep okt nov dec
2015: jan feb maa apr mei jun jul aug sep okt nov dec
2014: jan feb maa apr mei jun jul aug sep okt nov dec
2013: jan feb maa apr mei jun jul aug sep okt nov dec
2012: jan feb maa apr mei jun jul aug sep okt nov dec
2011: jan feb maa apr mei jun jul aug sep okt nov dec

Rapport voor 2018 november
                   MONTHLY CLIMATOLOGICAL SUMMARY for NOV. 2018

NAME: Weerstation Schinnen   CITY: Schinnen   STATE: The Netherlands 
ELEV:    75 m  LAT:  50° 56' 32" N  LONG:   5° 53' 16" E

                   TEMPERATURE (°C), RAIN  (mm), WIND SPEED (m/s)

                                      HEAT  COOL        AVG
    MEAN                              DEG   DEG         WIND                 DOM
DAY TEMP  HIGH   TIME   LOW    TIME   DAYS  DAYS  RAIN  SPEED HIGH   TIME    DIR
------------------------------------------------------------------------------------
 1   8.7  12.6   13:00   5.0    6:30   9.7   0.0   3.8   0.0   2.7   22:30     W
 2   6.9  11.8   13:00  -0.7   00:00  11.3   0.0   0.0   0.0   3.6    2:30    SE
 3   2.3  10.2   14:30  -1.8    6:00  16.0   0.0   0.0   0.0   1.8   14:30   NNE
 4   4.3  13.8   14:00  -2.1    6:30  14.0   0.0   0.0   0.1   2.2   15:00   WNW
 5   6.7  13.8   14:00   2.4    7:00  11.6   0.0   0.0   0.0   0.9   11:30   NNE
 6   8.8  16.4   13:30   3.0    2:00   9.5   0.0   0.0   0.0   1.8   13:30     N
 7   9.9  14.0   13:30   6.3    6:00   8.3   0.0   1.4   0.0   2.2   10:00     W
 8   8.7  12.9   14:00   3.6   22:00   9.6   0.0   0.2   0.0   2.2    5:00   NNW
 9   7.3  14.7   14:00   1.9    8:30  11.0   0.0   0.2   0.0   1.3   13:30   WNW
10  12.3  13.9   11:00   7.4    2:30   6.0   0.0   1.8   0.1   4.9   10:00     W
11  12.3  14.4   13:00  10.6   00:00   6.1   0.0   3.2   0.3   5.4   11:30     W
12  10.4  12.6   12:30   7.9   23:00   7.9   0.0   3.2   0.0   0.9    7:00   WNW
13   9.7  13.3   13:30   5.8   20:00   8.6   0.0   0.0   0.1   5.4   12:00     W
14   5.5  12.8   14:30  -0.1   00:00  12.8   0.0   0.0   0.0   1.3    2:00   WNW
15   3.2  12.1   13:30  -1.6   00:00  15.1   0.0   0.2   0.1   1.8   12:00     N
16   2.7  10.6   15:00  -3.1    8:00  15.6   0.0   0.0   0.1   2.7   18:00     N
17   4.4  10.2   15:30  -0.4    1:30  13.9   0.0   0.0   0.4   4.5   13:30     N
18   2.0   6.7   14:30  -2.2    8:00  16.3   0.0   0.0   0.3   2.7   12:00   NNE
19   3.6   7.4   14:30  -1.4    5:00  14.7   0.0   0.0   0.9   6.3   13:30   NNE
20   3.7   5.4   14:00   2.1   00:00  14.6   0.0   0.0   0.8   4.9    7:00   NNE
21   3.6   5.8   13:30   0.7   00:00  14.7   0.0   0.0   0.2   3.1   20:00     N
22  -0.3   6.1   15:00  -3.6    7:00  18.6   0.0   0.0   0.0   1.8   13:30   NNE
23   1.4   9.7   14:00  -3.7    3:30  16.9   0.0   0.0   0.1   2.7   17:30     N
24   3.7   5.7   13:30   0.6    0:30  14.6   0.0   7.4   0.0   1.8    3:30    NE
25   3.9   4.5   13:00   3.4   10:00  14.4   0.0   0.2   0.1   2.2   16:00   NNE
26   5.1   6.4   15:30   4.0   23:00  13.2   0.0   1.6   0.1   2.2   13:00   NNE
27   2.3   5.4   14:00  -1.8   22:30  16.0   0.0   0.4   0.0   0.9    2:00   NNE
28   5.6   9.3   00:00  -0.7    0:30  12.8   0.0   1.6   0.0   2.7   12:00   WNW
29  10.1  11.4   15:00   8.8    6:30   8.2   0.0   1.0   0.1   4.0    2:00     W
30   9.2  12.2   13:00   4.5   22:00   9.1   0.0   0.0   0.1   3.6   16:00     W
-------------------------------------------------------------------------------------
     5.9  16.4     6    -3.7    23   371.2   0.0  26.2   0.1   6.3    19     NNE

Max >=  32.0:  0
Max <=   0.0:  0
Min <=   0.0: 13
Min <= -18.0:  0
Max Rain: 7.39 ON 24-11-18
Days of Rain: 14 (> .2 mm) 4 (> 2 mm) 0 (> 20 mm)
Heat Base:  18.3  Cool Base:  18.3  Method: Integration