NOAA-Stijl Klimaat Rapport

Kies een jaar- of maandrapport
2019: jan feb maa apr mei jun jul aug sep okt nov dec
2018: jan feb maa apr mei jun jul aug sep okt nov dec
2017: jan feb maa apr mei jun jul aug sep okt nov dec
2016: jan feb maa apr mei jun jul aug sep okt nov dec
2015: jan feb maa apr mei jun jul aug sep okt nov dec
2014: jan feb maa apr mei jun jul aug sep okt nov dec
2013: jan feb maa apr mei jun jul aug sep okt nov dec
2012: jan feb maa apr mei jun jul aug sep okt nov dec
2011: jan feb maa apr mei jun jul aug sep okt nov dec

Rapport voor 2018 december
                   MONTHLY CLIMATOLOGICAL SUMMARY for DEC. 2018

NAME: Weerstation Schinnen   CITY: Schinnen   STATE: The Netherlands 
ELEV:    75 m  LAT:  50° 56' 32" N  LONG:   5° 53' 16" E

                   TEMPERATURE (°C), RAIN  (mm), WIND SPEED (m/s)

                                      HEAT  COOL        AVG
    MEAN                              DEG   DEG         WIND                 DOM
DAY TEMP  HIGH   TIME   LOW    TIME   DAYS  DAYS  RAIN  SPEED HIGH   TIME    DIR
------------------------------------------------------------------------------------
 1   7.6  10.7   00:00   2.8    6:30  10.7   0.0   1.8   0.2   4.0   13:00   SSE
 2  12.3  14.3   13:30   9.9    4:30   6.0   0.0  16.4   0.4   4.5   14:30     W
 3  12.5  13.8   12:30  11.3   00:00   5.8   0.0   0.8   0.4   4.9   20:30   WSW
 4   5.5  11.3    0:30  -1.1   00:00  12.8   0.0   1.2   0.0   2.7    1:00    SE
 5   4.8   9.7   14:30  -1.6    5:30  13.5   0.0   0.0   0.0   3.1   22:30   WNW
 6  11.6  13.1   14:00   9.1    0:30   6.7   0.0   1.0   0.2   4.0   18:00     W
 7  10.2  13.1   13:30   5.7   00:00   8.1   0.0  14.0   0.5   6.3   14:30   SSE
 8   8.6  10.6   15:30   5.7    0:30   9.7   0.0  10.8   0.6   7.6   00:00   WSW
 9   7.9  10.2    0:30   6.0   23:30  10.4   0.0  15.0   0.2   5.8    0:30   WSW
10   4.6   7.7   14:00   1.4   21:30  13.7   0.0  11.0   0.0   4.0   13:30    SE
11   3.9   7.3   14:00   0.6   00:00  14.4   0.0   1.6   0.0   1.3    5:30    SE
12   0.3   4.1   15:30  -2.8    7:00  18.0   0.0   0.2   0.0   1.3   14:00     N
13   0.1   2.8   14:00  -2.0    3:00  18.2   0.0   0.0   0.2   4.5   11:30     N
14   0.6   2.3   13:00  -3.1    1:30  17.7   0.0   0.0   0.1   3.1   16:00     N
15   0.1   1.9   14:00  -1.4   18:00  18.2   0.0   0.0   0.0   2.2   13:00   WNW
16   1.8   5.1   14:30  -0.1   22:30  16.5   0.0   4.6   0.0   1.8    2:00    SE
17   4.9   9.2   13:30  -0.3    2:30  13.4   0.0   1.6   0.1   4.0   14:00     W
18   4.1   8.3   13:00  -0.1    7:00  14.2   0.0   0.0   0.0   3.1   00:00     W
19   7.3  10.5   14:00   2.3   22:30  11.0   0.0   0.0   0.1   3.6   14:00     W
20   7.3   8.8   13:00   3.6    0:30  11.0   0.0   3.8   0.2   5.8   17:30     W
21  10.8  14.1   14:00   7.9    1:00   7.5   0.0  15.6   0.7   8.5   11:30   WSW
22   9.4  11.2   14:00   6.9   19:30   8.8   0.0  12.4   0.2   4.5    2:00   SSE
23   8.7  11.4   21:30   6.6    3:00   9.6   0.0  12.4   0.1   4.0   23:00   SSE
24   3.9   7.1   13:30  -2.3   23:00  14.4   0.0   1.4   0.0   2.2    1:00   NNE
25   0.4   4.6   14:00  -3.8   00:00  17.8   0.0   0.0   0.0   1.8   14:30    SE
26  -1.9   2.7   14:30  -4.2    2:30  20.2   0.0   0.0   0.0   0.4   12:00   WSW
27  -0.3   4.7   14:30  -4.0    8:00  18.6   0.0   0.2   0.0   0.4   15:00   WSW
28  -0.1   2.9   14:30  -3.9    8:30  18.4   0.0   0.0   0.0   1.3   11:30    SE
29   4.9   7.7   23:00   2.3    0:30  13.3   0.0   1.8   0.1   3.6   13:30    SE
30   7.2   8.3   13:30   4.1    9:30  11.1   0.0   3.0   0.0   2.2    3:00   SSE
31   8.7   9.8   13:30   7.7   20:00   9.6   0.0   3.4   0.0   1.3   23:00    SE
-------------------------------------------------------------------------------------
     5.4  14.3     2    -4.2    26   399.2   0.0 134.0   0.1   8.5    21       W

Max >=  32.0:  0
Max <=   0.0:  0
Min <=   0.0: 14
Min <= -18.0:  0
Max Rain: 16.41 ON 02-12-18
Days of Rain: 22 (> .2 mm) 12 (> 2 mm) 0 (> 20 mm)
Heat Base:  18.3  Cool Base:  18.3  Method: Integration