NOAA-Stijl Klimaat Rapport

Kies een jaar- of maandrapport
2020: jan feb maa apr mei jun jul aug sep okt nov dec
2019: jan feb maa apr mei jun jul aug sep okt nov dec
2018: jan feb maa apr mei jun jul aug sep okt nov dec
2017: jan feb maa apr mei jun jul aug sep okt nov dec
2016: jan feb maa apr mei jun jul aug sep okt nov dec
2015: jan feb maa apr mei jun jul aug sep okt nov dec
2014: jan feb maa apr mei jun jul aug sep okt nov dec
2013: jan feb maa apr mei jun jul aug sep okt nov dec
2012: jan feb maa apr mei jun jul aug sep okt nov dec
2011: jan feb maa apr mei jun jul aug sep okt nov dec

Rapport voor 2019 januari
                   MONTHLY CLIMATOLOGICAL SUMMARY for JAN. 2019

NAME: Weerstation Schinnen   CITY: Schinnen   STATE: The Netherlands 
ELEV:    75 m  LAT:  50° 56' 32" N  LONG:   5° 53' 16" E

                   TEMPERATURE (°C), RAIN  (mm), WIND SPEED (m/s)

                                      HEAT  COOL        AVG
    MEAN                              DEG   DEG         WIND                 DOM
DAY TEMP  HIGH   TIME   LOW    TIME   DAYS  DAYS  RAIN  SPEED HIGH   TIME    DIR
------------------------------------------------------------------------------------
 1   6.7   8.3   16:00   4.7   23:30  11.6   0.0   2.4   0.0   4.0   21:00   SSE
 2   3.3   6.7   15:00  -2.1   00:00  15.0   0.0   0.0   0.2   3.6   13:30    NE
 3   3.1   5.7   15:00  -2.0    0:30  15.2   0.0   0.4   0.0   2.7   14:00    NE
 4   2.9   4.8   12:30   0.7    6:30  15.3   0.0   1.0   0.0   3.1   17:00    SE
 5   5.6   6.6   12:30   3.3    0:30  12.7   0.0   2.2   0.0   4.9   12:00    NE
 6   4.9   6.0   14:30   3.6   00:00  13.3   0.0   0.6   0.0   2.7    0:30    SE
 7   5.2   8.2   00:00   0.8    7:30  13.1   0.0   4.0   0.1   4.0   23:30   WSW
 8   6.1   8.6    2:00   4.4   22:30  12.2   0.0   9.2   0.3   5.8   14:30    NE
 9   3.9   6.4   13:30   1.9    7:30  14.4   0.0   0.0   0.4   4.9   15:00    NE
10   1.0   3.6   15:00  -0.9    7:00  17.3   0.0   0.0   0.0   1.8    0:30   NNE
11   4.3   7.1   16:00   0.1    0:30  14.0   0.0   3.0   0.0   2.2   19:00    SE
12   6.4   7.4   18:00   5.2    6:30  11.9   0.0   8.2   0.1   4.5   15:00    SE
13   8.0   8.9   14:00   6.6   22:30  10.3   0.0  12.0   0.2   6.3   21:00     W
14   4.5   6.9   13:00   0.2   20:30  13.8   0.0   5.2   0.0   3.1    7:00    NE
15   5.2   7.9   13:00  -0.7    1:00  13.1   0.0   0.2   0.2   5.4   13:00   WSW
16   5.8   6.6   15:00   4.2   18:30  12.5   0.0   0.2   0.4   5.4   00:00   WSW
17   3.7   5.6    5:00   1.0   00:00  14.6   0.0  10.6   0.1   5.8   12:00    SE
18   0.0   2.6   15:30  -2.5   00:00  18.3   0.0   0.6   0.0   0.9    1:30    SE
19  -1.4   2.9   14:30  -5.2    8:00  19.7   0.0   0.0   0.1   3.1   13:30   NNE
20  -3.7   1.2   15:00  -7.2   00:00  22.0   0.0  32.0   0.2   3.6   13:30     N
21  -5.6   0.4   15:30  -8.9    8:00  23.9   0.0  30.4   0.0   1.3   14:00    SE
22  -3.8   0.5   14:00  -8.8    4:30  22.2   0.0   0.0   0.0   4.0   12:30     W
23  -3.0   0.2   15:00  -8.3    8:30  21.3   0.0  13.0   0.2   3.1   13:00   NNE
24  -1.9  -0.2   14:00  -3.2    8:30  20.2   0.0   0.0   0.0   2.2   15:00   NNE
25   1.2   3.3   00:00  -1.1    0:30  17.1   0.0   6.8   0.1   3.6   19:00     W
26   5.8   7.2   13:30   3.3    0:30  12.5   0.0   1.0   0.3   4.5   20:30   WSW
27   5.2   6.6    9:30   2.8   21:00  13.1   0.0  13.4   0.3   5.4   11:30     W
28   2.8   5.3   15:00   0.6   22:30  15.5   0.0  12.0   0.4   6.3    3:00    NE
29   1.7   4.7   14:00  -0.2   19:00  16.6   0.0   0.0   0.1   4.0   13:00   SSE
30   0.5   1.4   15:00  -1.2   00:00  17.8   0.0   2.0   0.1   2.7    5:00     N
31  -2.2   0.6   15:00  -5.4    9:00  20.6   0.0   0.0   0.1   2.7   23:00     N
-------------------------------------------------------------------------------------
     2.5   8.9    13    -8.9    21   491.1   0.0 170.4   0.1   6.3    13      NE

Max >=  32.0:  0
Max <=   0.0:  1
Min <=   0.0: 15
Min <= -18.0:  0
Max Rain: 32.00 ON 20-01-19
Days of Rain: 23 (> .2 mm) 16 (> 2 mm) 2 (> 20 mm)
Heat Base:  18.3  Cool Base:  18.3  Method: Integration