NOAA-Stijl Klimaat Rapport

Kies een jaar- of maandrapport
2020: jan feb maa apr mei jun jul aug sep okt nov dec
2019: jan feb maa apr mei jun jul aug sep okt nov dec
2018: jan feb maa apr mei jun jul aug sep okt nov dec
2017: jan feb maa apr mei jun jul aug sep okt nov dec
2016: jan feb maa apr mei jun jul aug sep okt nov dec
2015: jan feb maa apr mei jun jul aug sep okt nov dec
2014: jan feb maa apr mei jun jul aug sep okt nov dec
2013: jan feb maa apr mei jun jul aug sep okt nov dec
2012: jan feb maa apr mei jun jul aug sep okt nov dec
2011: jan feb maa apr mei jun jul aug sep okt nov dec

Rapport voor 2019 februari
                   MONTHLY CLIMATOLOGICAL SUMMARY for FEB. 2019

NAME: Weerstation Schinnen   CITY: Schinnen   STATE: The Netherlands 
ELEV:    75 m  LAT:  50° 56' 32" N  LONG:   5° 53' 16" E

                   TEMPERATURE (°C), RAIN  (mm), WIND SPEED (m/s)

                                      HEAT  COOL        AVG
    MEAN                              DEG   DEG         WIND                 DOM
DAY TEMP  HIGH   TIME   LOW    TIME   DAYS  DAYS  RAIN  SPEED HIGH   TIME    DIR
------------------------------------------------------------------------------------
 1   1.1   6.8   15:00  -1.9   22:00  17.3   0.0   0.2   0.0   2.7    0:30   WSW
 2   1.4   2.1   14:00  -0.9    0:30  16.9   0.0  10.6   0.1   2.2   19:00   NNE
 3   0.7   1.6    0:30   0.2    4:00   2.9   0.0   0.0   0.0   1.3    0:30     E
 4   4.1  34.8    8:00   0.6    9:30   9.8   0.0   0.8   0.0   5.8   17:30   WNW
 5   3.2   6.2   16:00  -2.1   00:00  15.1   0.0   0.0   0.0   1.8    0:30     W
 6   4.8  10.6   16:00  -2.9    3:00  13.5   0.0   0.4   0.0   4.0   14:00   SSW
 7   7.7  10.4   14:30   5.1   00:00  10.6   0.0   3.8   0.0   5.8   17:00     W
 8   8.0   9.9   13:30   4.6    2:00  10.3   0.0   1.2   0.0   6.7   23:30   WNW
 9   8.4  10.6   14:00   7.2    4:00   9.8   0.0   4.8   0.1   7.6   12:00   WNW
10   7.3   9.5    9:00   3.9   23:00  11.0   0.0  10.6   0.0   6.7   18:00   WNW
11   3.8   8.1   14:30  -1.9   00:00  14.5   0.0   1.4   0.0   4.0    1:30   SSW
12   1.7   7.9   16:30  -2.6    5:00  16.6   0.0   0.2   0.0   0.9   14:00    SE
13   2.7   8.4   14:30  -1.9   00:00  15.6   0.0   0.0   0.0   1.3   10:30   SSW
14   2.6  14.2   16:00  -3.8    8:30  15.8   0.0   0.0   0.0   0.4   14:30    NE
15   3.7  16.6   15:30  -3.3    7:30  14.6   0.0   0.0   0.0   0.4   13:30   NNE
16   3.6  15.5   15:00  -2.9    7:00  14.7   0.0   0.2   0.0   1.3   13:30     W
17   4.6  18.6   14:30  -2.3    7:30  13.7   0.0   0.0   0.0   0.4   12:30   WNW
18   5.3  16.7   14:30  -2.4    7:30  13.0   0.0   0.0   0.0   0.9    7:30    SE
19   7.0  12.2   14:00   1.6   00:00  11.3   0.0   0.2   0.0   3.6   12:30   SSE
20   5.6  12.2   15:30   0.8    1:00  12.7   0.0   0.0   0.0   2.2   12:00   SSW
21   8.1  14.2   14:00   1.8    4:00  10.2   0.0   0.4   0.0   2.2   14:30    SE
22   8.6  11.8   15:30   2.3   00:00   9.7   0.0   0.4   0.0   0.9    9:30    NE
23   4.6  12.0   16:00  -1.2    7:00  13.7   0.0   0.2   0.0   3.6   11:30    NE
24   4.9  15.6   15:00  -2.7    7:30  13.4   0.0   0.0   0.0   0.9    7:30    NE
25   6.1  17.2   16:00  -1.3    8:00  12.2   0.0   0.0   0.0   0.9   13:00    NE
26   6.4  18.7   15:30  -1.9    7:30  11.9   0.0   0.0   0.0   2.2   16:30   NNE
27   6.8  20.8   15:00  -1.8    7:30  11.7   0.3   0.0   0.0   0.9   10:00    NE
28   7.2  13.8   12:30   0.4    7:30  11.1   0.0   2.6   0.0   3.6   12:30   SSW
-------------------------------------------------------------------------------------
     5.0  34.8     4    -3.8    14   353.6   0.3  38.0   0.0   7.6     9     WNW

Max >=  32.0:  1
Max <=   0.0:  0
Min <=   0.0: 17
Min <= -18.0:  0
Max Rain: 10.59 ON 02-02-19
Days of Rain: 16 (> .2 mm) 5 (> 2 mm) 0 (> 20 mm)
Heat Base:  18.3  Cool Base:  18.3  Method: Integration