NOAA-Stijl Klimaat Rapport

Kies een jaar- of maandrapport
2020: jan feb maa apr mei jun jul aug sep okt nov dec
2019: jan feb maa apr mei jun jul aug sep okt nov dec
2018: jan feb maa apr mei jun jul aug sep okt nov dec
2017: jan feb maa apr mei jun jul aug sep okt nov dec
2016: jan feb maa apr mei jun jul aug sep okt nov dec
2015: jan feb maa apr mei jun jul aug sep okt nov dec
2014: jan feb maa apr mei jun jul aug sep okt nov dec
2013: jan feb maa apr mei jun jul aug sep okt nov dec
2012: jan feb maa apr mei jun jul aug sep okt nov dec
2011: jan feb maa apr mei jun jul aug sep okt nov dec

Rapport voor 2019 maart
                   MONTHLY CLIMATOLOGICAL SUMMARY for MAR. 2019

NAME: Weerstation Schinnen   CITY: Schinnen   STATE: The Netherlands 
ELEV:    75 m  LAT:  50° 56' 32" N  LONG:   5° 53' 16" E

                   TEMPERATURE (°C), RAIN  (mm), WIND SPEED (m/s)

                                      HEAT  COOL        AVG
    MEAN                              DEG   DEG         WIND                 DOM
DAY TEMP  HIGH   TIME   LOW    TIME   DAYS  DAYS  RAIN  SPEED HIGH   TIME    DIR
------------------------------------------------------------------------------------
 1   7.1   9.2    0:30   5.4   21:00  11.2   0.0   4.2   0.0   2.2   14:30    NE
 2   8.3  11.3   13:00   5.4    0:30  10.0   0.0   0.6   0.0   3.1   15:30     W
 3  10.6  12.6   23:00   8.4    1:00   7.7   0.0   2.6   0.0   6.3   23:30     W
 4   9.2  13.0    4:00   5.5   22:00   9.1   0.0   8.0   0.1   6.7   10:30    SW
 5   6.4  11.2   15:00   2.7   21:00  11.9   0.0   5.2   0.0   4.9    0:30   SSW
 6  10.3  14.3   12:30   5.5    6:00   8.0   0.0   1.6   0.0   5.4   17:30   WNW
 7   9.4  12.2    5:30   7.2    8:30   8.9   0.0   6.8   0.1   6.7   23:30    SW
 8   8.1  12.1   13:00   5.8    8:00  10.2   0.0   3.0   0.0   6.3    2:30   SSW
 9   9.4  12.0   13:30   7.3    3:00   8.9   0.0   6.6   0.0   7.6   15:00   SSW
10   8.2  13.1   14:30   4.7   00:00  10.1   0.0   9.6   0.1   8.5   16:00    SW
11   4.1   8.5   15:00   0.9    8:00  14.2   0.0   8.2   0.0   5.4   15:30   SSE
12   6.8  11.1   14:00   0.0    1:00  11.5   0.0   0.8   0.0   6.7   20:30   SSW
13   6.1   8.6   16:00   4.8    1:00  12.2   0.0   9.8   0.0   8.0   15:00    SW
14   7.4  11.9   16:00   4.7    0:30  10.9   0.0  13.6   0.0   4.9   11:00    SW
15   9.6  12.2   16:00   6.3    3:00   8.7   0.0  23.2   0.0   6.7   17:30     S
16  10.2  11.9   11:00   8.0    4:30   8.1   0.0  12.0   0.0   6.3   12:30    SW
17   7.4  11.2    0:30   2.2   00:00  10.9   0.0   5.6   0.0   6.3    3:00    SW
18   4.8  11.5   15:30  -1.8   00:00  13.5   0.0   0.6   0.0   3.6   16:00     S
19   3.9  12.9   14:00  -3.0    4:30  14.4   0.0   0.0   0.0   0.4   10:30   SSW
20   6.6  14.1   15:00  -1.5    5:00  11.7   0.0   0.0   0.0   1.8   11:00    SE
21   8.4  16.9   15:00   0.6    7:00   9.9   0.0   0.0   0.0   0.9   13:30   NNE
22   9.9  20.5   15:00   1.6    7:30   8.7   0.3   0.0   0.0   0.9   15:00   NNE
23   8.9  11.4   15:30   3.4    2:00   9.3   0.0   0.0   0.0   1.8    2:30     N
24   8.5  13.1   14:00   1.4   00:00   9.8   0.0   0.0   0.0   4.9   18:30    NE
25   6.8  11.9   13:00   1.4    0:30  11.4   0.0   1.8   0.0   4.9   12:00    NE
26   7.4  10.3   14:30   5.4   00:00  10.9   0.0   0.0   0.0   1.8   15:00    NE
27   7.6  11.6   13:30   2.2    6:30  10.7   0.0   0.0   0.0   0.4   12:30   ENE
28   8.9  14.1   15:00   2.6   00:00   9.4   0.0   0.0   0.0   0.4   15:00   NNE
29   9.3  18.1   14:30  -0.1    7:00   9.0   0.0   0.0   0.0   3.6   15:00    NE
30  10.3  20.4   14:00   1.4    6:30   8.2   0.3   0.0   0.0   1.8   12:30     S
31   8.5  14.3   16:00   1.9    7:30   9.4   0.0   0.0   0.1   4.5   14:30    NE
-------------------------------------------------------------------------------------
     8.0  20.5    22    -3.0    19   319.1   0.5 123.8   0.0   8.5    10      SW

Max >=  32.0:  0
Max <=   0.0:  0
Min <=   0.0:  5
Min <= -18.0:  0
Max Rain: 23.19 ON 15-03-19
Days of Rain: 19 (> .2 mm) 14 (> 2 mm) 1 (> 20 mm)
Heat Base:  18.3  Cool Base:  18.3  Method: Integration