NOAA-Stijl Klimaat Rapport

Kies een jaar- of maandrapport
2020: jan feb maa apr mei jun jul aug sep okt nov dec
2019: jan feb maa apr mei jun jul aug sep okt nov dec
2018: jan feb maa apr mei jun jul aug sep okt nov dec
2017: jan feb maa apr mei jun jul aug sep okt nov dec
2016: jan feb maa apr mei jun jul aug sep okt nov dec
2015: jan feb maa apr mei jun jul aug sep okt nov dec
2014: jan feb maa apr mei jun jul aug sep okt nov dec
2013: jan feb maa apr mei jun jul aug sep okt nov dec
2012: jan feb maa apr mei jun jul aug sep okt nov dec
2011: jan feb maa apr mei jun jul aug sep okt nov dec

Rapport voor 2019 april
                   MONTHLY CLIMATOLOGICAL SUMMARY for APR. 2019

NAME: Weerstation Schinnen   CITY: Schinnen   STATE: The Netherlands 
ELEV:    75 m  LAT:  50° 56' 32" N  LONG:   5° 53' 16" E

                   TEMPERATURE (°C), RAIN  (mm), WIND SPEED (m/s)

                                      HEAT  COOL        AVG
    MEAN                              DEG   DEG         WIND                 DOM
DAY TEMP  HIGH   TIME   LOW    TIME   DAYS  DAYS  RAIN  SPEED HIGH   TIME    DIR
------------------------------------------------------------------------------------
 1   8.7  16.7   18:00   1.3    8:00   9.6   0.0   0.0   0.0   2.7   12:00    NE
 2   8.4  16.2   17:30   1.6    6:00   9.9   0.0   5.8   0.0   4.5   19:00   WNW
 3   7.1  10.8   15:30   3.8   00:00  11.2   0.0   3.0   0.0   0.9   12:30     S
 4   6.0  10.4   17:00   1.8    3:00  12.3   0.0   0.0   0.0   2.2   17:30   NNE
 5   6.2  11.8   13:30  -1.3    7:00  12.1   0.0   0.0   0.0   3.1   15:00    NE
 6  11.2  17.2   18:00   6.9    6:30   7.1   0.0   0.0   0.0   3.1   16:00   NNE
 7  13.1  20.7   18:00   5.6    4:30   5.7   0.5   0.0   0.0   4.5   13:30   NNE
 8  12.2  17.6   15:30   7.1    4:00   6.1   0.0   0.2   0.0   0.9   15:00     W
 9  12.2  16.3   16:00   9.3    5:30   6.1   0.0   0.2   0.0   2.2   12:30    NE
10   9.3  14.1   16:30   4.8    7:00   9.0   0.0   0.0   0.1   4.5   13:00    NE
11   6.1  12.4   16:00  -1.9    7:30  12.2   0.0   0.0   0.0   3.6   16:30    NE
12   5.3   8.4   13:00   0.8    3:00  12.9   0.0   0.0   0.0   4.0   12:30    NE
13   3.2   7.3   18:00  -0.9    5:00  15.1   0.0   0.0   0.0   4.0   15:30    NE
14   5.7  11.8   17:00   0.6    0:30  12.6   0.0   0.0   0.0   4.0   17:30    NE
15   8.3  17.9   17:30  -1.6    6:30  10.0   0.0   0.0   0.1   6.3   15:30   NNE
16  12.4  21.4   15:30   3.3    7:30   6.1   0.2   0.0   0.0   3.6   13:00   NNE
17  12.2  16.7   18:00   6.8   00:00   6.2   0.0   0.8   0.0   0.9   20:00   NNE
18  14.8  22.7   18:00   6.2    2:30   4.6   1.1   0.0   0.1   5.4   14:00   NNE
19  15.3  24.7   17:30   4.8    6:30   4.7   1.8   0.0   0.0   4.5   12:00   NNE
20  14.7  25.8   15:00   3.8    7:00   5.6   2.1   0.0   0.0   2.7   14:00    NE
21  14.7  24.8   15:30   4.4    7:00   5.5   1.9   0.0   0.0   3.6   13:00   NNE
22  15.9  25.6   16:00   4.1    6:30   4.7   2.3   0.0   0.0   5.4   14:30   NNE
23  15.8  21.3   15:30  10.2    6:30   3.1   0.6   0.0   0.0   4.9   16:30   NNE
24  15.5  25.9   15:00   8.8    3:30   4.6   1.8  10.2   0.0   3.6   12:00   WNW
25  12.3  19.7   15:00   6.2    5:00   6.0   0.0   4.8   0.0   5.4   14:00   WNW
26  12.2  19.2   15:30   7.5   00:00   6.2   0.0   1.0   0.0   1.8   13:30    SE
27   9.6  14.6   16:00   5.4    3:30   8.7   0.0   3.8   0.0   4.5   14:30     W
28   9.4  14.7   14:30   4.2   00:00   8.9   0.0   0.2   0.0   2.2    3:00   WSW
29  10.3  17.7   16:00   0.8    6:30   8.0   0.0   0.0   0.0   2.7   19:00   ENE
30  12.4  18.2   17:30   7.5   00:00   5.9   0.0   0.0   0.0   1.8   15:00    NE
-------------------------------------------------------------------------------------
    10.7  25.9    24    -1.9    11   240.5  12.2  30.0   0.0   6.3    15     NNE

Max >=  32.0:  0
Max <=   0.0:  0
Min <=   0.0:  4
Min <= -18.0:  0
Max Rain: 10.21 ON 24-04-19
Days of Rain: 10 (> .2 mm) 5 (> 2 mm) 0 (> 20 mm)
Heat Base:  18.3  Cool Base:  18.3  Method: Integration