NOAA-Stijl Klimaat Rapport

Kies een jaar- of maandrapport
2020: jan feb maa apr mei jun jul aug sep okt nov dec
2019: jan feb maa apr mei jun jul aug sep okt nov dec
2018: jan feb maa apr mei jun jul aug sep okt nov dec
2017: jan feb maa apr mei jun jul aug sep okt nov dec
2016: jan feb maa apr mei jun jul aug sep okt nov dec
2015: jan feb maa apr mei jun jul aug sep okt nov dec
2014: jan feb maa apr mei jun jul aug sep okt nov dec
2013: jan feb maa apr mei jun jul aug sep okt nov dec
2012: jan feb maa apr mei jun jul aug sep okt nov dec
2011: jan feb maa apr mei jun jul aug sep okt nov dec

Rapport voor 2019 juni
                   MONTHLY CLIMATOLOGICAL SUMMARY for JUN. 2019

NAME: Weerstation Schinnen   CITY: Schinnen   STATE: The Netherlands 
ELEV:    75 m  LAT:  50° 56' 32" N  LONG:   5° 53' 16" E

                   TEMPERATURE (°C), RAIN  (mm), WIND SPEED (m/s)

                                      HEAT  COOL        AVG
    MEAN                              DEG   DEG         WIND                 DOM
DAY TEMP  HIGH   TIME   LOW    TIME   DAYS  DAYS  RAIN  SPEED HIGH   TIME    DIR
------------------------------------------------------------------------------------
 1  19.2  28.6   17:30   9.1    4:30   2.8   3.6   0.0   0.0   0.4    9:00   ENE
 2  22.6  31.9   15:30  12.0    5:30   1.6   5.9   0.0   0.0   3.1   11:00     W
 3  19.1  23.4   15:00  14.9   22:30   0.8   1.6  13.0   0.0   1.8    2:30   ESE
 4  19.9  27.5   18:30  13.3    5:30   1.3   2.9   1.4   0.0   3.6   15:00   NNE
 5  19.4  23.4   18:00  16.0    6:00   0.6   1.7   9.6   0.0   0.9   14:30     E
 6  15.1  20.8   15:00   9.9   00:00   3.5   0.3  17.2   0.0   1.8    8:30   ESE
 7  15.2  24.9   14:00   7.8    4:00   4.2   1.1   0.4   0.0   3.6   11:00     W
 8  15.0  20.1   16:30  10.1   00:00   3.4   0.1   0.0   0.0   5.4   13:00     W
 9  15.7  21.3   16:30   7.3    5:00   3.5   0.9   0.0   0.0   0.9   16:00    NE
10  16.3  24.7   14:30   9.7    5:00   3.1   1.1   4.8   0.0   2.2    6:30     E
11  16.6  22.5   15:30  11.4    6:00   2.4   0.7   0.0   0.0   0.4    1:30    SW
12  15.5  20.9   17:30  11.8   00:00   2.9   0.1   9.2   0.0   1.8   14:30    SE
13  15.6  21.1   14:30   9.3    2:30   3.2   0.5   0.6   0.0   4.5   17:00   WNW
14  18.7  27.5   17:00   9.2    5:00   2.4   2.8   0.2   0.0   1.3   17:30    NE
15  19.1  24.6   17:30  14.4   23:00   0.9   1.6  13.0   0.0   1.3   15:30   ENE
16  17.7  24.0   18:00  11.9    6:30   2.0   1.4   0.0   0.0   1.3   11:00   ESE
17  19.8  28.0   17:30  10.4    6:00   2.2   3.7   0.0   0.0   0.4    7:00    NE
18  21.2  28.5   16:30  12.2    6:00   1.5   4.4   0.0   0.0   1.3   13:30     E
19  20.8  28.9   17:00  13.8    6:00   1.1   3.6   1.4   0.0   3.1   19:00    SE
20  18.1  21.2   12:00  13.9   00:00   1.0   0.8   0.6   0.0   1.3    8:30    SE
21  16.5  24.8   16:00   9.2    6:00   3.0   1.1   0.0   0.0   0.9   21:30   ESE
22  17.6  25.8   17:00   8.3    6:00   3.0   2.4   0.0   0.0   2.7   14:00     E
23  21.9  29.8   16:30  12.5    5:30   1.5   5.1   0.0   0.0   3.1   14:30     N
24  25.1  34.1   18:00  16.1    6:00   0.3   7.2   0.0   0.0   1.3   10:30   NNW
25  26.3  35.2   15:00  17.8    4:30   0.0   8.0   0.0   0.0   0.9   16:30   WNW
26  24.5  30.0   16:00  19.0    6:00   0.0   6.2   0.0   0.0   1.8   16:00     E
27  20.6  27.2   17:00  14.7    6:30   0.7   3.0   0.0   0.0   1.3    7:30     E
28  19.2  27.3   17:30  11.8    5:30   2.0   2.9   0.0   0.0   1.8   14:30    NE
29  22.9  33.9   17:30  10.8    6:00   2.0   6.6   0.0   0.0   1.3   13:30     N
30  22.6  30.5   15:30  13.4    5:30   1.2   5.5   0.0   0.0   0.4    5:00    SE
-------------------------------------------------------------------------------------
    19.3  35.2    25     7.3     9    58.2  87.0  71.4   0.0   5.4     8       E

Max >=  32.0:  3
Max <=   0.0:  0
Min <=   0.0:  0
Min <= -18.0:  0
Max Rain: 17.20 ON 06-06-19
Days of Rain: 12 (> .2 mm) 6 (> 2 mm) 0 (> 20 mm)
Heat Base:  18.3  Cool Base:  18.3  Method: Integration