NOAA-Stijl Klimaat Rapport

Kies een jaar- of maandrapport
2020: jan feb maa apr mei jun jul aug sep okt nov dec
2019: jan feb maa apr mei jun jul aug sep okt nov dec
2018: jan feb maa apr mei jun jul aug sep okt nov dec
2017: jan feb maa apr mei jun jul aug sep okt nov dec
2016: jan feb maa apr mei jun jul aug sep okt nov dec
2015: jan feb maa apr mei jun jul aug sep okt nov dec
2014: jan feb maa apr mei jun jul aug sep okt nov dec
2013: jan feb maa apr mei jun jul aug sep okt nov dec
2012: jan feb maa apr mei jun jul aug sep okt nov dec
2011: jan feb maa apr mei jun jul aug sep okt nov dec

Rapport voor 2019 augustus
                   MONTHLY CLIMATOLOGICAL SUMMARY for AUG. 2019

NAME: Weerstation Schinnen   CITY: Schinnen   STATE: The Netherlands 
ELEV:    75 m  LAT:  50° 56' 32" N  LONG:   5° 53' 16" E

                   TEMPERATURE (°C), RAIN  (mm), WIND SPEED (m/s)

                                      HEAT  COOL        AVG
    MEAN                              DEG   DEG         WIND                 DOM
DAY TEMP  HIGH   TIME   LOW    TIME   DAYS  DAYS  RAIN  SPEED HIGH   TIME    DIR
------------------------------------------------------------------------------------
 1  18.6  26.2   16:30  11.8    6:00   2.0   2.3   0.0   0.0   1.8   13:30   ENE
 2  17.8  24.4   13:30  12.4    6:30   1.8   1.3   5.6   0.0   0.9   11:00   ESE
 3  18.6  22.8   17:30  14.2   00:00   0.8   1.2   0.0   0.0   0.4   14:00   ESE
 4  19.8  27.7   16:30  10.9    6:30   2.0   3.4   0.0   0.0   0.4   10:00    NE
 5  20.9  26.2   16:00  16.5    3:30   0.3   2.9   0.2   0.0   0.4    6:00   ESE
 6  19.6  24.8   16:00  15.7    7:30   0.6   1.9   1.8   0.0   0.4   11:30    SE
 7  19.3  24.4   16:30  14.3    7:00   0.9   1.8   0.2   0.0   1.3   12:00   ESE
 8  17.9  23.5   18:00  13.1    4:00   1.6   1.2   0.4   0.0   0.4    6:30   ENE
 9  19.6  24.2   11:30  14.9    4:30   0.8   2.1   3.6   0.0   0.9   14:00   WSW
10  20.7  24.8   16:30  16.9   00:00   0.1   2.5   0.0   0.0   4.0   13:30   WNW
11  17.1  22.2   13:30  11.6    5:00   2.2   1.0   0.0   0.0   1.8   12:30   WNW
12  15.9  24.0   14:00  11.8    6:30   3.1   0.7   8.2   0.0   0.9    2:30   ENE
13  15.3  21.7   15:00  10.6   00:00   3.3   0.3   5.8   0.0   1.3   14:30   ESE
14  15.1  22.2   16:00   8.1    4:30   3.9   0.7   2.4   0.0   0.4   10:30   WNW
15  17.6  23.2   14:30  14.0   00:00   1.5   0.8   5.4   0.0   1.3   12:00   ESE
16  17.5  22.4   14:30  12.6    4:00   1.9   1.1   0.0   0.0   1.8   16:00   WNW
17  18.2  20.9   15:30  15.6    3:00   0.7   0.6   1.4   0.0   3.6   17:00   WNW
18  16.4  19.1   15:00  13.4   00:00   2.0   0.1  31.8   0.0   0.4   14:00    NE
19  16.0  22.1   15:30  10.8    6:00   3.0   0.7   0.0   0.0   1.3   17:30   ENE
20  15.2  21.7   14:00   9.1    6:30   3.8   0.7   0.0   0.0   0.9   16:00     W
21  15.3  23.1   15:00   8.1    7:00   4.2   1.2   0.0   0.0   0.4   14:30    NE
22  16.4  25.7   15:00   8.4    7:00   3.9   2.0   0.0   0.0   0.4   11:00     N
23  17.9  27.3   16:00   9.4    7:00   3.2   2.8   0.0   0.0   1.3   15:30   ENE
24  19.3  29.8   15:00  10.1    7:00   2.8   3.9   0.0   0.0   1.3   18:30   NNW
25  19.6  29.9   15:00  10.7    7:00   2.4   3.7   0.0   0.0   0.4   13:00     E
26  22.0  31.1   15:30  14.4    7:00   1.0   4.7   0.0   0.0   0.4   14:00    SE
27  22.4  31.6   15:00  15.6    7:00   0.5   4.6   0.0   0.0   0.4   15:30   WNW
28  21.4  28.6   15:30  15.7    7:30   0.5   3.6   0.0   0.0   0.4    9:00   ESE
29  19.8  25.2   15:00  14.0   00:00   0.5   2.0   2.8   0.0   0.9   17:30    SE
30  16.6  24.3   15:00  10.2    7:00   3.2   1.4   0.0   0.0   0.4   13:00     E
31  19.6  30.2   14:30   9.6    7:00   2.8   4.1   0.0   0.0   0.9   12:30   WNW
-------------------------------------------------------------------------------------
    18.3  31.6    27     8.1    14    61.3  61.3  69.6   0.0   4.0    10     WNW

Max >=  32.0:  0
Max <=   0.0:  0
Min <=   0.0:  0
Min <= -18.0:  0
Max Rain: 31.80 ON 18-08-19
Days of Rain: 13 (> .2 mm) 8 (> 2 mm) 1 (> 20 mm)
Heat Base:  18.3  Cool Base:  18.3  Method: Integration