NOAA-Stijl Klimaat Rapport

Kies een jaar- of maandrapport
2020: jan feb maa apr mei jun jul aug sep okt nov dec
2019: jan feb maa apr mei jun jul aug sep okt nov dec
2018: jan feb maa apr mei jun jul aug sep okt nov dec
2017: jan feb maa apr mei jun jul aug sep okt nov dec
2016: jan feb maa apr mei jun jul aug sep okt nov dec
2015: jan feb maa apr mei jun jul aug sep okt nov dec
2014: jan feb maa apr mei jun jul aug sep okt nov dec
2013: jan feb maa apr mei jun jul aug sep okt nov dec
2012: jan feb maa apr mei jun jul aug sep okt nov dec
2011: jan feb maa apr mei jun jul aug sep okt nov dec

Rapport voor 2019 september
                   MONTHLY CLIMATOLOGICAL SUMMARY for SEP. 2019

NAME: Weerstation Schinnen   CITY: Schinnen   STATE: The Netherlands 
ELEV:    75 m  LAT:  50° 56' 32" N  LONG:   5° 53' 16" E

                   TEMPERATURE (°C), RAIN  (mm), WIND SPEED (m/s)

                                      HEAT  COOL        AVG
    MEAN                              DEG   DEG         WIND                 DOM
DAY TEMP  HIGH   TIME   LOW    TIME   DAYS  DAYS  RAIN  SPEED HIGH   TIME    DIR
------------------------------------------------------------------------------------
 1  16.8  20.9   15:00  10.1   00:00   1.9   0.4   0.0   0.0   0.4    4:00   ENE
 2  13.4  21.8   15:00   6.9    7:30   5.3   0.5   0.0   0.0   0.4   10:00   ESE
 3  14.7  20.1   12:30   8.8    6:00   3.8   0.2   0.0   0.0   0.9    9:30   ESE
 4  16.4  23.2   15:30  12.4    5:00   2.6   0.8   1.8   0.0   2.2   20:00   ESE
 5  12.8  16.8   15:00   8.2   00:00   5.5   0.0   3.4   0.0   0.4    7:00     E
 6  11.9  19.1   15:00   4.9    7:00   6.4   0.0   0.0   0.0   0.9   14:00   WSW
 7  15.0  20.3   15:30  12.4    7:00   3.4   0.1   0.0   0.0   1.3   12:30    NE
 8  13.1  16.1   16:00   8.3   00:00   5.3   0.0   6.4   0.0   0.4    1:00    SE
 9  11.0  17.9   15:00   5.6    7:00   7.3   0.0   0.2   0.0   0.4   12:30   WNW
10  11.3  20.1   15:00   4.3    7:30   7.1   0.1   0.0   0.0   0.4   16:00   ESE
11  13.9  18.1   18:00   7.4    1:30   4.4   0.0   0.8   0.0   2.2   22:30    SE
12  18.2  22.7   16:00  15.2   22:30   1.1   1.0   2.2   0.0   0.9   16:30   WNW
13  17.4  21.9   14:30  11.0   00:00   1.5   0.6   0.6   0.0   0.4    0:30    SE
14  13.4  21.6   14:30   6.8    7:30   5.5   0.6   0.0   0.0   1.3   14:30   WNW
15  13.2  22.7   14:30   6.0    7:30   5.8   0.8   0.0   0.0   0.4   15:00   NNE
16  14.7  20.4   14:30  10.9    0:30   3.9   0.3   1.0   0.0   0.4   17:00     E
17  13.7  19.1   14:00   6.7   00:00   4.7   0.0   0.0   0.0   0.9   17:00     E
18   9.9  17.4   13:30   2.8    7:30   8.3   0.0   0.0   0.0   0.9   11:30   ENE
19   9.4  17.1   14:30   2.6    7:30   8.9   0.0   0.0   0.0   0.9   16:00    SE
20  10.3  19.6   15:30   2.2    7:30   8.2   0.2   0.0   0.0   2.7   13:00   NNW
21  14.2  24.5   15:30   5.2    7:00   5.6   1.5   0.0   0.0   2.2   14:30   NNW
22  16.2  25.9   15:30   7.6    7:00   4.1   2.0   0.4   0.0   2.2   21:00   WNW
23  15.3  19.2   14:00   9.8   00:00   3.0   0.0   3.6   0.0   0.9   13:30   ESE
24  14.2  18.9   12:30   9.9    0:30   4.2   0.0   3.6   0.0   1.8   16:00   WNW
25  15.4  18.8   15:30  12.7    4:30   2.9   0.0   0.2   0.0   1.8   14:00   WNW
26  16.4  19.2   18:00  13.8    5:00   2.0   0.1   5.6   0.0   2.2   18:30   WNW
27  15.3  19.1   14:30  12.6    8:00   3.1   0.1   3.0   0.0   1.3   11:00   WNW
28  14.5  18.0   14:30  12.8   00:00   3.8   0.0   8.4   0.0   3.6   14:30   WNW
29  15.3  17.6   19:00  12.8    0:30   3.0   0.0  13.6   0.0   4.0   15:00   WNW
30  14.8  18.1   15:00  12.5    5:00   3.5   0.0   3.4   0.0   1.8    2:00   ESE
-------------------------------------------------------------------------------------
    14.1  25.9    22     2.2    20   136.1   9.2  58.2   0.0   4.0    29     WNW

Max >=  32.0:  0
Max <=   0.0:  0
Min <=   0.0:  0
Min <= -18.0:  0
Max Rain: 13.59 ON 29-09-19
Days of Rain: 17 (> .2 mm) 10 (> 2 mm) 0 (> 20 mm)
Heat Base:  18.3  Cool Base:  18.3  Method: Integration