NOAA-Stijl Klimaat Rapport

Kies een jaar- of maandrapport
2020: jan feb maa apr mei jun jul aug sep okt nov dec
2019: jan feb maa apr mei jun jul aug sep okt nov dec
2018: jan feb maa apr mei jun jul aug sep okt nov dec
2017: jan feb maa apr mei jun jul aug sep okt nov dec
2016: jan feb maa apr mei jun jul aug sep okt nov dec
2015: jan feb maa apr mei jun jul aug sep okt nov dec
2014: jan feb maa apr mei jun jul aug sep okt nov dec
2013: jan feb maa apr mei jun jul aug sep okt nov dec
2012: jan feb maa apr mei jun jul aug sep okt nov dec
2011: jan feb maa apr mei jun jul aug sep okt nov dec

Rapport voor 2019 november
                   MONTHLY CLIMATOLOGICAL SUMMARY for NOV. 2019

NAME: Weerstation Schinnen   CITY: Schinnen   STATE: The Netherlands 
ELEV:    75 m  LAT:  50° 56' 32" N  LONG:   5° 53' 16" E

                   TEMPERATURE (°C), RAIN  (mm), WIND SPEED (m/s)

                                      HEAT  COOL        AVG
    MEAN                              DEG   DEG         WIND                 DOM
DAY TEMP  HIGH   TIME   LOW    TIME   DAYS  DAYS  RAIN  SPEED HIGH   TIME    DIR
------------------------------------------------------------------------------------
 1   8.3  13.9   23:30  -0.1    2:00  10.0   0.0   4.8   0.0   0.9   20:30   WNW
 2  13.5  15.0   10:30  11.3   22:00   4.8   0.0   7.8   0.0   3.1   14:30   WNW
 3  11.3  14.3   13:30   9.2    7:30   7.0   0.0   4.2   0.0   3.1    1:00   WNW
 4  10.0  12.6   15:00   8.3   22:30   8.3   0.0   3.8   0.0   0.4    3:00     E
 5   9.5  12.3   15:00   7.7   00:00   8.8   0.0   0.4   0.0   0.9    0:30   SSE
 6   8.3   9.7   12:00   7.2   19:30  10.0   0.0   5.4   0.0   0.0     ---   ---
 7   7.3  10.4   15:00   2.4   00:00  11.0   0.0   4.0   0.0   2.2   14:30   WNW
 8   3.4   9.1   16:30   0.1   00:00  14.8   0.0   0.0   0.0   0.4   13:00     N
 9   3.5   8.0   13:30  -1.4   00:00  14.8   0.0   0.2   0.0   2.2    9:30   WNW
10   0.8   9.1   14:30  -2.9    8:00  17.5   0.0   0.2   0.0   0.4   13:00    NE
11   4.3   8.7   14:00  -2.0    0:30  14.0   0.0   2.8   0.0   2.2   11:00   WNW
12   4.8   7.4   15:00   2.4   19:00  13.4   0.0   1.6   0.0   2.7   22:00   WNW
13   5.3   7.8   13:30   2.0   21:00  13.0   0.0   1.4   0.0   2.2    3:30   WNW
14   4.8   8.9   14:00   0.0    5:30  13.5   0.0   0.4   0.0   0.4    8:00     E
15   3.4   6.1   15:30   1.3    5:00  14.8   0.0   0.0   0.0   0.0     ---   ---
16   1.8   7.8   14:00  -1.6    7:30  16.5   0.0   0.0   0.0   0.0     ---   ---
17   1.3   4.4   20:00  -2.9    6:30  17.0   0.0   8.4   0.0   0.0     ---   ---
18   5.2   6.7   22:30   3.8    4:00  13.1   0.0  33.8   0.0   0.9    2:30    NE
19   3.3   7.5   13:00  -1.8   00:00  15.0   0.0   2.0   0.0   0.4   10:30   ENE
20   0.7   6.2   14:00  -2.6    2:30  17.6   0.0   0.2   0.0   1.8   13:00   NNW
21   1.4   5.9   16:00  -2.7    6:00  16.8   0.0   0.0   0.0   0.0     ---   ---
22   5.6  10.6   14:00   0.1    3:00  12.7   0.0   0.2   0.0   2.2   00:00   NNE
23   6.1   9.5   15:30   0.6   00:00  12.2   0.0   0.0   0.0   2.7   14:00   NNE
24   3.5  10.6   14:30  -0.8    8:30  14.8   0.0   0.0   0.0   0.0     ---   ---
25   4.7  11.1   14:00   0.4    8:30  13.6   0.0   0.0   0.0   0.0     ---   ---
26   9.6  12.6   12:30   3.0    0:30   8.7   0.0   0.2   0.0   1.3   14:30   WNW
27  10.7  12.6   13:00   8.8    5:30   7.7   0.0   4.2   0.0   3.6   12:30   WNW
28   9.6  11.2    0:30   8.6   00:00   8.7   0.0   9.4   0.0   4.9    1:00   WNW
29   5.1   8.7    0:30  -0.8   00:00  13.3   0.0   3.2   0.0   2.2   13:00   ENE
30   0.6   5.9   15:30  -2.8    8:30  17.7   0.0   0.2   0.0   0.9   15:30     N
-------------------------------------------------------------------------------------
     5.6  15.0     2    -2.9    10   381.4   0.0  98.8   0.0   4.9    28     WNW

Max >=  32.0:  0
Max <=   0.0:  0
Min <=   0.0: 13
Min <= -18.0:  0
Max Rain: 33.81 ON 18-11-19
Days of Rain: 23 (> .2 mm) 13 (> 2 mm) 1 (> 20 mm)
Heat Base:  18.3  Cool Base:  18.3  Method: Integration