NOAA-Stijl Klimaat Rapport

Kies een jaar- of maandrapport
2020: jan feb maa apr mei jun jul aug sep okt nov dec
2019: jan feb maa apr mei jun jul aug sep okt nov dec
2018: jan feb maa apr mei jun jul aug sep okt nov dec
2017: jan feb maa apr mei jun jul aug sep okt nov dec
2016: jan feb maa apr mei jun jul aug sep okt nov dec
2015: jan feb maa apr mei jun jul aug sep okt nov dec
2014: jan feb maa apr mei jun jul aug sep okt nov dec
2013: jan feb maa apr mei jun jul aug sep okt nov dec
2012: jan feb maa apr mei jun jul aug sep okt nov dec
2011: jan feb maa apr mei jun jul aug sep okt nov dec

Rapport voor 2019 december
                   MONTHLY CLIMATOLOGICAL SUMMARY for DEC. 2019

NAME: Weerstation Schinnen   CITY: Schinnen   STATE: The Netherlands 
ELEV:    75 m  LAT:  50° 56' 32" N  LONG:   5° 53' 16" E

                   TEMPERATURE (°C), RAIN  (mm), WIND SPEED (m/s)

                                      HEAT  COOL        AVG
    MEAN                              DEG   DEG         WIND                 DOM
DAY TEMP  HIGH   TIME   LOW    TIME   DAYS  DAYS  RAIN  SPEED HIGH   TIME    DIR
------------------------------------------------------------------------------------
 1   1.5   4.2   15:00  -1.5   23:30  16.8   0.0   0.0   0.0   1.3   13:00    NE
 2   1.4   5.3   15:00  -2.8    7:00  16.9   0.0   1.4   0.0   0.0     ---   ---
 3   4.1   6.4   12:00  -1.2   00:00  14.3   0.0   0.0   0.0   0.0     ---   ---
 4  -0.5   5.0   15:30  -3.2    8:30  18.8   0.0   0.2   0.0   0.4   14:00     N
 5  -0.4   3.6   14:30  -3.6    4:30  18.7   0.0   0.2   0.0   4.5   22:00   SSE
 6   4.8   8.2   00:00   0.1    0:30  13.5   0.0   8.4   0.0   5.8   00:00    NW
 7   8.9   9.8   14:00   8.2    0:30   9.4   0.0   0.2   0.0   3.6    0:30   SSE
 8   9.2  10.7    8:00   6.2   22:00   9.1   0.0   4.0   0.0   4.5   12:30   WNW
 9   6.4   8.0   13:30   2.9   22:00  11.8   0.0   5.4   0.0   4.9   17:00   SSW
10   3.2   6.7   00:00  -1.2    6:30  15.1   0.0   0.2   0.0   4.5   21:00   WNW
11   5.3   7.3    2:30   3.3   00:00  12.9   0.0   7.0   0.0   4.5    1:30   WNW
12   4.7   5.8   14:00   3.6    1:00  13.6   0.0   0.2   0.0   3.1   23:30   WNW
13   5.3   6.9   11:30   3.4    3:30  13.0   0.0   8.2   0.0   2.2    3:00    NW
14   6.1   8.0   14:00   4.7    4:00  12.3   0.0   8.8   0.0   5.4    6:30     S
15   6.9  10.8    6:00   0.9   00:00  11.3   0.0   5.0   0.0   3.6    5:30    SE
16   5.8   9.4   13:30   0.9    0:30  12.5   0.0   0.8   0.0   0.4   11:00   SSE
17  10.6  15.3   15:00   4.9    0:30   7.7   0.0   6.4   0.0   2.7   21:00   WNW
18   6.3   9.5   13:30   2.5   22:00  12.0   0.0   0.0   0.0   1.3    1:30   ENE
19  10.2  14.3   13:30   3.8    1:00   8.1   0.0   0.2   0.0   1.8   20:00    NE
20  11.1  14.1    8:30   7.2   00:00   7.2   0.0   3.2   0.0   4.5    9:30    NW
21   6.6   9.7   13:30   1.6    8:30  11.7   0.0   0.2   0.0   2.2   11:00   WNW
22   7.6   9.8   13:00   4.2    3:30  10.7   0.0  10.4   0.0   1.8   16:00    SE
23   7.6   9.0   13:30   6.0   23:30  10.7   0.0   0.4   0.0   1.8    2:30    SE
24   8.4  11.2   14:30   5.1    6:30   9.9   0.0   2.2   0.0   4.9   16:30    SE
25   7.2   8.9    0:30   4.3   00:00  11.1   0.0   5.4   0.0   0.9    5:30    NE
26   4.9   6.3   00:00   1.7    9:30  13.4   0.0   1.8   0.0   0.0     ---   ---
27   5.9   6.7    3:30   5.4   00:00  12.3   0.0   1.4   0.0   1.8   12:00   NNE
28   0.0   5.4    0:30  -2.5    9:00  18.3   0.0   0.0   0.0   0.0     ---   ---
29  -1.2   3.3   14:30  -4.1    7:00  19.5   0.0   0.0   0.0   0.0     ---   ---
30   1.3   8.4   14:30  -3.5    7:30  17.0   0.0   0.2   0.0   0.4   12:30    SE
31   2.4   5.3   15:00  -0.9    5:30  15.8   0.0   0.0   0.0   0.9   21:00   NNE
-------------------------------------------------------------------------------------
     5.2  15.3    17    -4.1    29   405.5   0.0  81.8   0.0   5.8     6     WNW

Max >=  32.0:  0
Max <=   0.0:  0
Min <=   0.0: 10
Min <= -18.0:  0
Max Rain: 10.39 ON 22-12-19
Days of Rain: 25 (> .2 mm) 12 (> 2 mm) 0 (> 20 mm)
Heat Base:  18.3  Cool Base:  18.3  Method: Integration