NOAA-Stijl Klimaat Rapport


Rapport voor 2021 april
                   MONTHLY CLIMATOLOGICAL SUMMARY for APR. 2021

NAME: Weerstation Schinnen   CITY: Schinnen   STATE: The Netherlands 
ELEV:    75 m  LAT:  50° 56' 32" N  LONG:   5° 53' 16" E

                   TEMPERATURE (°C), RAIN  (mm), WIND SPEED (m/s)

                                      HEAT  COOL        AVG
    MEAN                              DEG   DEG         WIND                 DOM
DAY TEMP  HIGH   TIME   LOW    TIME   DAYS  DAYS  RAIN  SPEED HIGH   TIME    DIR
------------------------------------------------------------------------------------
 1  13.4  23.2   14:30   7.0    7:30   5.7   0.9   0.0   0.0   2.2   16:30   NNE
 2   6.6  11.9   17:00   2.8    4:30  11.7   0.0   0.0   0.0   1.8   15:30    NE
 3   8.4  13.7   16:30   5.3    7:30   9.9   0.0   0.0   0.0   0.9   14:30    NE
 4   6.1  12.6   16:00   1.7    3:00  12.2   0.0   0.0   0.0   1.3   15:30     E
 5   4.1   7.7   15:00   0.1   22:30  14.2   0.0   0.0   0.0   1.8   16:00   ENE
 6   1.9   5.6   13:30   0.0   00:00  16.4   0.0   0.0   0.0   0.4    0:30   ENE
 7   2.1   6.2   16:30  -0.1    2:00  16.2   0.0   0.0   0.0   0.9   17:30    SE
 8   4.6  10.8   17:00   0.1   00:00  13.7   0.0   0.0   0.0   0.4    9:30   ENE
 9   8.7  16.7   16:00  -0.7    2:00   9.6   0.0   0.0   0.0   0.9   13:30    SW
10   8.5  10.0   23:00   5.6    7:00   9.8   0.0   0.0   0.0   0.4   15:00   NNE
11   5.6   9.7    1:30   3.3    8:00  10.6   0.0   0.0   0.0   0.4   12:00    NE
12
13
14
15
16
17
18
19
20
21
22
23
24
25
26
27
28
29
30
-------------------------------------------------------------------------------------
     6.4  23.2     1    -0.7     9   130.1   0.9   0.0   0.0   2.2     1     ENE

Max >=  32.0:  0
Max <=   0.0:  0
Min <=   0.0:  3
Min <= -18.0:  0
Max Rain: 0.00 ON 01-04-21
Days of Rain: 0 (> .2 mm) 0 (> 2 mm) 0 (> 20 mm)
Heat Base:  18.3  Cool Base:  18.3  Method: Integration