NOAA-Stijl Klimaat Rapport


Rapport voor 2021 september
                   MONTHLY CLIMATOLOGICAL SUMMARY for SEP. 2021

NAME: Weerstation Schinnen   CITY: Schinnen   STATE: The Netherlands 
ELEV:    75 m  LAT:  50° 56' 32" N  LONG:   5° 53' 16" E

                   TEMPERATURE (°C), RAIN  (mm), WIND SPEED (m/s)

                                      HEAT  COOL        AVG
    MEAN                              DEG   DEG         WIND                 DOM
DAY TEMP  HIGH   TIME   LOW    TIME   DAYS  DAYS  RAIN  SPEED HIGH   TIME    DIR
------------------------------------------------------------------------------------
 1  14.9  17.7   15:30  12.6    2:00   3.4   0.0   0.0   0.0   0.4   10:30    SE
 2  16.1  23.8   16:00   8.9    7:00   3.4   1.2   0.0   0.0   0.9   12:00   NNE
 3  17.2  26.9   17:00   9.6    7:00   3.3   2.2   0.0   0.0   0.9   13:30    SE
 4  15.7  23.0   17:00  11.1    6:30   3.3   0.7   0.0   0.0   0.9   12:00    SE
 5  17.6  27.3   17:30  10.6    7:00   2.9   2.2   0.0   0.0   0.4    8:30    SE
 6  17.3  26.9   15:30  10.7    7:30   2.9   1.9   0.0   0.0   0.9   12:30    SE
 7  18.1  27.6   15:00  11.3    7:00   2.7   2.5   0.0   0.0   0.9   13:00     N
 8  18.8  28.4   14:30  11.8    7:30   2.4   2.9   0.0   0.0   1.3   14:00   NNE
 9  19.1  27.6   14:00  12.6    7:00   1.8   2.6   0.0   0.0   1.8   14:00    SW
10  19.2  22.0   17:00  16.9   23:30   0.2   1.1   7.8   0.0   0.9    5:00    SW
11  17.9  21.1   13:00  15.3    7:30   1.0   0.5   0.2   0.0   1.3   12:00   WSW
12  16.7  22.6   14:00  12.7    6:30   2.2   0.6   0.0   0.0   0.9    9:30    SW
13  16.2  22.4   15:00  10.9    7:30   3.0   0.9   0.0   0.0   1.3   17:00    SE
14  16.9  24.2   14:30  10.7    7:00   2.7   1.3   0.0   0.0   0.4   10:00    SE
15  18.2  22.3   15:30  16.2   00:00   0.6   0.6   2.6   0.0   0.9   14:00     E
16  15.6  21.7   15:00  11.1    5:00   3.1   0.3   0.0   0.0   1.3   13:00     E
17  15.7  22.9   15:00  11.1    3:00   3.2   0.7   0.0   0.0   0.9   12:30    SW
18  15.7  23.8   16:30   9.5    7:30   3.8   1.2   0.0   0.0   0.9   15:00   NNE
19  15.1  22.3   14:30   9.6    7:30   3.9   0.7   0.0   0.0   0.9   13:00     N
20  13.3  20.4   14:30   8.8    7:00   5.1   0.1   0.0   0.0   0.9   13:30    SE
21  13.3  19.6   14:30   9.0   00:00   5.0   0.1   0.0   0.0   0.9   16:00     N
22  12.2  22.1   16:30   6.0    7:30   6.6   0.4   0.0   0.0   0.9   13:00   SSW
23  14.2  22.2   15:30   7.7    3:30   4.7   0.6   0.0   0.0   1.3   11:00    SW
24  16.4  22.3   16:00  12.8    1:00   2.4   0.5   0.0   0.0   1.8   15:30     E
25  16.3  25.0   16:30  11.3    5:00   3.2   1.2   0.0   0.0   0.9   10:00    SW
26  16.9  21.7   17:00  12.5    0:30   2.1   0.8   0.2   0.0   1.8   12:30    SW
27  13.9  14.7    4:30  13.1    7:30   1.6   0.0   0.0   0.0   0.0     ---   ---
28
29
30
-------------------------------------------------------------------------------------
    16.2  28.4     8     6.0    22    80.4  27.8  10.8   0.0   1.8     9      SE

Max >=  32.0:  0
Max <=   0.0:  0
Min <=   0.0:  0
Min <= -18.0:  0
Max Rain: 7.80 ON 10-09-21
Days of Rain: 4 (> .2 mm) 2 (> 2 mm) 0 (> 20 mm)
Heat Base:  18.3  Cool Base:  18.3  Method: Integration