NOAA-Stijl Klimaat Rapport

Kies een jaar- of maandrapport
2021: jan feb maa apr mei jun jul aug sep okt nov dec
2020: jan feb maa apr mei jun jul aug sep okt nov dec
2019: jan feb maa apr mei jun jul aug sep okt nov dec
2018: jan feb maa apr mei jun jul aug sep okt nov dec
2017: jan feb maa apr mei jun jul aug sep okt nov dec
2016: jan feb maa apr mei jun jul aug sep okt nov dec
2015: jan feb maa apr mei jun jul aug sep okt nov dec
2014: jan feb maa apr mei jun jul aug sep okt nov dec
2013: jan feb maa apr mei jun jul aug sep okt nov dec
2012: jan feb maa apr mei jun jul aug sep okt nov dec
2011: jan feb maa apr mei jun jul aug sep okt nov dec

Rapport voor 2021 januari
                   MONTHLY CLIMATOLOGICAL SUMMARY for JAN. 2021

NAME: Weerstation Schinnen   CITY: Schinnen   STATE: The Netherlands 
ELEV:    75 m  LAT:  50° 56' 32" N  LONG:   5° 53' 16" E

                   TEMPERATURE (°C), RAIN  (mm), WIND SPEED (m/s)

                                      HEAT  COOL        AVG
    MEAN                              DEG   DEG         WIND                 DOM
DAY TEMP  HIGH   TIME   LOW    TIME   DAYS  DAYS  RAIN  SPEED HIGH   TIME    DIR
------------------------------------------------------------------------------------
 1   2.4   5.0   13:00   0.1   23:00  15.9   0.0   0.0   0.0   0.0     ---   ---
 2   2.2   3.4   15:30   0.6    7:00  16.1   0.0   0.2   0.0   0.0     ---   ---
 3   2.7   3.4   14:00   2.1   23:00  15.6   0.0   0.0   0.0   0.0     ---   ---
 4   2.2   2.6   19:00   1.8    5:00  16.1   0.0   0.0   0.0   0.4   11:00   ENE
 5   2.4   3.0   12:30   1.9   19:00  15.9   0.0   0.2   0.0   0.4    1:30    NE
 6   2.7   3.4    5:30   1.2   21:30  15.6   0.0   0.4   0.0   0.0     ---   ---
 7   1.9   2.8   16:00   1.3    0:30  16.3   0.0   5.6   0.0   0.4    4:30   WSW
 8   1.3   3.4   15:00  -2.2   23:30  17.0   0.0   8.8   0.0   0.0     ---   ---
 9   0.6   2.3   15:00  -1.5    0:30  17.7   0.0   0.0   0.0   0.0     ---   ---
10   0.4   4.2   15:00  -1.9   21:30  17.9   0.0   0.2   0.0   0.0     ---   ---
11   2.3   5.3   00:00  -1.4    0:30  16.0   0.0   0.4   0.0   3.1   00:00     W
12   4.6   7.7   11:30  -1.3   00:00  13.7   0.0  16.8   0.0   4.9    2:00     W
13   2.2   5.1   14:00  -1.3    1:00  16.1   0.0   0.2   0.0   0.9   12:00    SW
14   1.8   4.0    1:30   0.3   00:00  16.5   0.0   2.4   0.0   0.4   17:00   WNW
15   0.4   2.1   15:00  -1.6    4:30  17.9   0.0   0.0   0.0   0.0     ---   ---
16   0.5   2.1   13:00  -0.3   21:30  17.8   0.0   0.0   0.0   0.9   11:30     W
17   3.0   6.1   15:00  -0.3    0:30  15.3   0.0   2.8   0.0   0.0     ---   ---
18   4.8   6.9   13:30   3.2    5:30  13.5   0.0   0.2   0.0   2.2   12:00     W
19   5.7   7.8   14:30   4.2    3:00   8.2   0.0   7.6   0.0   5.4    9:00     W
20
21
22
23
24
25
26
27
28
29
30
31
-------------------------------------------------------------------------------------
     2.3   7.8    19    -2.2     8   299.1   0.0  45.8   0.0   5.4    19       W

Max >=  32.0:  0
Max <=   0.0:  0
Min <=   0.0:  9
Min <= -18.0:  0
Max Rain: 16.79 ON 12-01-21
Days of Rain: 13 (> .2 mm) 6 (> 2 mm) 0 (> 20 mm)
Heat Base:  18.3  Cool Base:  18.3  Method: Integration