NOAA-Stijl Klimaat Rapport


Rapport voor 2021 november
                   MONTHLY CLIMATOLOGICAL SUMMARY for NOV. 2021

NAME: Weerstation Schinnen   CITY: Schinnen   STATE: The Netherlands 
ELEV:    75 m  LAT:  50° 56' 32" N  LONG:   5° 53' 16" E

                   TEMPERATURE (°C), RAIN  (mm), WIND SPEED (m/s)

                                      HEAT  COOL        AVG
    MEAN                              DEG   DEG         WIND                 DOM
DAY TEMP  HIGH   TIME   LOW    TIME   DAYS  DAYS  RAIN  SPEED HIGH   TIME    DIR
------------------------------------------------------------------------------------
 1  10.2  13.5   12:30   7.8   00:00   8.1   0.0   0.2   0.0   3.1   10:30     W
 2   7.1  11.1   11:30   2.8   00:00  11.3   0.0   0.4   0.0   1.3   12:00   WSW
 3   5.4   7.5   14:30   1.7    2:00  12.9   0.0   4.8   0.0   0.4    9:00     W
 4   7.2   9.4   12:30   5.9    7:00  11.1   0.0   1.4   0.0   0.9   11:30   WSW
 5   8.0  11.6   13:00   5.0   00:00  10.3   0.0   0.0   0.0   0.9   12:00   ESE
 6   7.3  11.2   13:30   2.8    4:00  11.0   0.0   0.0   0.1   4.5   21:30     W
 7   9.4  12.0   13:00   6.6   19:00   8.9   0.0   1.8   0.1   4.0    2:30     W
 8   7.4  11.8   15:30   2.2   00:00  10.9   0.0   0.2   0.0   1.8   11:30   WSW
 9   4.1  11.7   14:00   0.3    8:00  14.2   0.0   0.0   0.0   1.3   12:30   WSW
10   2.3   9.7   14:00  -1.3    8:30  16.0   0.0   0.0   0.0   0.9   12:30    SW
11   2.9   9.2   14:00  -2.2    7:30  15.4   0.0   0.0   0.0   0.4   11:00    SW
12   4.4  11.7   15:00  -2.1    7:30  13.9   0.0   0.0   0.0   3.1   23:30     W
13  10.2  12.1   15:00   8.5    0:30   8.1   0.0   6.6   0.0   3.1    3:30   WSW
14   8.7  10.2   12:30   4.4   00:00   9.6   0.0   0.0   0.0   2.2   12:00    NE
15   6.7   7.7    7:30   4.1    0:30  11.6   0.0   0.2   0.0   1.3   12:00    NE
16   5.8   6.7   13:00   5.0   22:30  12.5   0.0   0.6   0.0   0.4    0:30    NE
17   6.2   9.5   15:30   2.2   23:00  12.1   0.0   0.4   0.0   2.7   12:00   WSW
18   7.5  10.8   14:00   3.6    6:30  10.8   0.0   0.2   0.0   3.1   15:00     W
19  10.1  11.3   14:00   8.8    0:30   8.2   0.0   0.2   0.0   2.2    5:30   WSW
20   9.1  10.3   11:00   7.5   00:00   9.2   0.0   0.0   0.0   1.8   13:00   WSW
21   6.4   9.4   14:00   0.3   00:00  11.9   0.0   2.2   0.0   1.8    5:30   WSW
22   2.4   6.3   15:00  -2.2   00:00  15.9   0.0   0.2   0.0   1.8    4:30    NE
23   2.7   6.3   14:30  -3.1    6:00  15.6   0.0   0.0   0.0   0.9   13:00   WSW
24   4.3   8.2   13:00  -2.4   00:00  14.0   0.0   0.0   0.0   2.2   15:30    NE
25   1.7   5.2   14:30  -3.0    8:00  16.6   0.0   0.4   0.0   0.9   11:30   WSW
26   3.8   6.1   13:30   1.3    1:30  14.5   0.0   3.0   0.3   4.9   18:30   WSW
27   2.7   5.2   14:00  -0.4   19:30  15.6   0.0   1.2   0.0   3.1    1:30   WSW
28   2.9   5.6   13:00  -1.1   00:00  15.4   0.0   1.6   0.0   1.3   18:00    NE
29   2.1   4.4   15:30  -1.4    3:30  16.2   0.0   0.8   0.0   2.2   22:30   WSW
30   3.9   5.1    6:30   3.1    1:00   3.9   0.0   1.0   0.5   4.9    2:30   WSW
-------------------------------------------------------------------------------------
     5.8  13.5     1    -3.1    23   365.5   0.0  27.4   0.0   4.9    26     WSW

Max >=  32.0:  0
Max <=   0.0:  0
Min <=   0.0: 10
Min <= -18.0:  0
Max Rain: 6.60 ON 13-11-21
Days of Rain: 20 (> .2 mm) 4 (> 2 mm) 0 (> 20 mm)
Heat Base:  18.3  Cool Base:  18.3  Method: Integration