NOAA-Stijl Klimaat Rapport


Rapport voor 2021 juni
                   MONTHLY CLIMATOLOGICAL SUMMARY for JUN. 2021

NAME: Weerstation Schinnen   CITY: Schinnen   STATE: The Netherlands 
ELEV:    75 m  LAT:  50° 56' 32" N  LONG:   5° 53' 16" E

                   TEMPERATURE (°C), RAIN  (mm), WIND SPEED (m/s)

                                      HEAT  COOL        AVG
    MEAN                              DEG   DEG         WIND                 DOM
DAY TEMP  HIGH   TIME   LOW    TIME   DAYS  DAYS  RAIN  SPEED HIGH   TIME    DIR
------------------------------------------------------------------------------------
 1  17.6  25.5   15:30   7.8    6:00   3.4   2.8   0.0   0.0   3.1   13:00   NNE
 2  20.2  29.8   15:00   8.6    6:00   2.7   4.6   0.0   0.0   1.8   13:30    NE
 3  19.9  24.8   16:00  14.7    4:30   0.7   2.3   6.6   0.0   0.9   12:30    SW
 4  20.5  27.7   14:30  15.1    6:30   0.6   2.8   2.2   0.0   1.3   14:30     N
 5  16.5  17.8   10:30  15.3   00:00   1.8   0.0   0.0   0.0   0.4   12:30   ESE
 6  16.1  19.8   18:00  13.9    6:00   2.4   0.2   0.0   0.0   0.4    3:30    NE
 7  17.1  21.5   13:30  12.4    6:00   2.1   0.9   0.0   0.0   0.9   17:30    NE
 8  18.6  26.2   15:00  10.2    5:30   2.6   2.9   0.0   0.0   1.8   14:00    NE
 9  19.4  26.2   12:00  11.6    6:00   2.0   3.1   0.0   0.0   0.4    9:00   WSW
10  19.7  28.2   14:30  11.1    6:00   2.1   3.4   0.0   0.0   2.2   12:30    SW
11  20.7  27.4   16:00  13.1    6:00   1.3   3.7   0.0   0.0   0.9   16:00   ENE
12  18.5  22.8   15:00  12.7   00:00   0.8   1.0   0.0   0.0   3.1   15:30   ENE
13  16.5  24.0   15:30   8.2    6:00   3.4   1.6   0.0   0.0   1.3   13:00    NE
14  19.7  29.7   15:30   9.3    6:00   2.7   4.1   0.0   0.0   0.9   12:30    SW
15  20.4  26.8   14:30  13.0    5:30   1.4   3.4   0.0   0.0   1.3   16:30    NE
16  22.6  31.1   15:00  13.9    3:00   1.1   5.3   0.0   0.0   1.3   15:00    NE
17  24.2  33.1   14:00  16.2    5:30   0.3   6.2   0.0   0.0   1.3    9:30    NE
18  20.2  20.7    0:30  20.0    1:00   0.0   0.1   0.0   0.0   0.0     ---   ---
19
20
21
22
23
24
25
26
27
28
29
30
-------------------------------------------------------------------------------------
    19.3  33.1    17     7.8     1    31.3  48.4   8.8   0.0   3.1     1      NE

Max >=  32.0:  1
Max <=   0.0:  0
Min <=   0.0:  0
Min <= -18.0:  0
Max Rain: 6.60 ON 03-06-21
Days of Rain: 2 (> .2 mm) 2 (> 2 mm) 0 (> 20 mm)
Heat Base:  18.3  Cool Base:  18.3  Method: Integration