NOAA-Stijl Klimaat Rapport


Rapport voor 2022 augustus
                   MONTHLY CLIMATOLOGICAL SUMMARY for AUG. 2022

NAME: Weerstation Schinnen   CITY: Schinnen   STATE: The Netherlands 
ELEV:    75 m  LAT:  50° 56' 32" N  LONG:   5° 53' 16" E

                   TEMPERATURE (°C), RAIN  (mm), WIND SPEED (m/s)

                                      HEAT  COOL        AVG
    MEAN                              DEG   DEG         WIND                 DOM
DAY TEMP  HIGH   TIME   LOW    TIME   DAYS  DAYS  RAIN  SPEED HIGH   TIME    DIR
------------------------------------------------------------------------------------
 1  20.7  26.8   14:30  14.9   00:00   0.2   2.6   1.2   0.0   1.8   17:30   ENE
 2  20.9  29.5   15:30  12.7    6:30   1.6   4.2   0.6   0.0   2.7   13:00   ENE
 3  23.5  33.6   15:30  15.1    6:30   0.7   5.9   0.0   0.0   1.8   11:30   ENE
 4  22.7  28.8   12:00  16.4    6:30   0.2   4.6   1.2   0.0   1.3   12:00   ENE
 5  18.4  22.2   16:00  13.3   00:00   0.8   0.9   5.4   0.0   1.8   17:00   ENE
 6  15.5  23.3   16:00   8.4    6:30   3.8   1.1   0.6   0.0   1.3   12:30   ENE
 7  17.5  26.6   15:30   8.8    7:00   3.2   2.4   0.0   0.0   1.3   13:30   ENE
 8  18.7  27.1   15:30  10.2    7:00   2.4   2.8   0.0   0.0   1.8   15:00   ENE
 9  20.8  29.7   16:00  12.2    6:30   1.6   4.1   0.0   0.0   1.8   11:00   ENE
10  22.1  32.1   16:00  12.8    7:00   1.3   5.2   0.0   0.0   1.3   14:00    NE
11  22.6  32.8   16:00  12.8    7:00   1.3   5.6   0.0   0.0   1.8   12:30   ENE
12  22.9  32.9   16:30  12.9    6:30   1.4   6.0   0.0   0.0   2.2   11:30    NE
13  22.4  33.1   15:30  12.4    7:00   1.4   5.5   0.0   0.0   2.2   13:00    NE
14  22.6  33.3   15:30  12.8    6:30   1.4   5.7   0.0   0.0   1.3   14:00   ENE
15  21.5  24.7   15:00  17.2   00:00   0.0   3.3   0.0   0.0   1.8   11:00   ENE
16  22.0  30.9   15:00  15.4    7:00   0.5   4.2   3.0   0.0   1.8   11:00   ENE
17  18.9  22.9   16:30  16.4   00:00   0.4   1.0   1.6   0.0   0.9   10:30     E
18  16.6  18.1   10:00  15.1    3:00   0.7   0.0   0.0   0.0   0.4    6:00     E
19
20
21
22
23
24
25
26
27
28
29
30
31
-------------------------------------------------------------------------------------
    20.6  33.6     3     8.4     6    23.1  65.1  13.6   0.0   2.7     2     ENE

Max >=  32.0:  6
Max <=   0.0:  0
Min <=   0.0:  0
Min <= -18.0:  0
Max Rain: 5.41 ON 05-08-22
Days of Rain: 7 (> .2 mm) 2 (> 2 mm) 0 (> 20 mm)
Heat Base:  18.3  Cool Base:  18.3  Method: Integration