NOAA-Stijl Klimaat Rapport


Rapport voor 2020 mei
                   MONTHLY CLIMATOLOGICAL SUMMARY for MAY. 2020

NAME: Weerstation Schinnen   CITY: Schinnen   STATE: The Netherlands 
ELEV:    75 m  LAT:  50° 56' 32" N  LONG:   5° 53' 16" E

                   TEMPERATURE (°C), RAIN  (mm), WIND SPEED (m/s)

                                      HEAT  COOL        AVG
    MEAN                              DEG   DEG         WIND                 DOM
DAY TEMP  HIGH   TIME   LOW    TIME   DAYS  DAYS  RAIN  SPEED HIGH   TIME    DIR
------------------------------------------------------------------------------------
 1  10.7  16.1   17:00   6.9    6:30   7.6   0.0   0.0   0.0   1.8   15:30    SE
 2   9.9  16.3   15:30   4.9   00:00   8.4   0.0   0.2   0.0   1.3    8:00    SE
 3  10.8  18.4   15:30   2.1    6:00   7.5   0.0   0.0   0.0   0.0     ---   ---
 4  12.1  16.9   15:30   6.3   23:30   6.2   0.0   4.4   0.0   1.3   13:00   NNE
 5  10.0  15.6   18:00   4.1   00:00   8.3   0.0   0.0   0.0   2.7   11:30     N
 6  10.2  18.5   18:00   0.8    6:30   8.1   0.0   0.0   0.0   2.7   12:30     N
 7  13.2  22.7   15:00   2.2    6:00   6.0   0.9   0.0   0.0   0.4   15:30     N
 8  14.9  23.9   15:00   4.8    6:30   4.7   1.4   0.0   0.0   0.4   11:00   ENE
 9  16.2  25.2   16:30   7.9    6:00   4.0   2.0   0.0   0.0   0.9   17:30   ESE
10  14.8  20.6   15:30   8.9   00:00   4.0   0.5   0.2   0.0   3.1   21:30    NE
11   9.4  14.2   17:30   6.1   00:00   8.9   0.0   0.2   0.0   4.5    3:00   NNE
12   7.6  14.1   16:00  -0.6    6:00  10.7   0.0   0.0   0.0   0.0     ---   ---
13   8.9  16.3   14:00   0.0    6:00   9.4   0.0   0.0   0.0   2.7   18:00     N
14   9.6  15.6   18:00   0.7    6:00   8.8   0.0   0.0   0.0   2.7   11:30     N
15  10.1  17.4   16:00   1.3    6:30   8.2   0.0   0.0   0.0   1.8   13:30   NNE
16  11.9  20.0   18:00   1.0    6:00   6.7   0.2   0.0   0.0   3.1   21:30   ENE
17  12.2  21.1   17:30   2.2    6:00   6.3   0.2   0.0   0.0   0.4   13:00   ENE
18  15.5  24.9   18:00   5.8    4:30   4.5   1.7   0.0   0.0   1.3   14:00    SE
19  16.3  26.6   15:00   5.4    5:30   4.2   2.2   0.0   0.0   0.4   14:30   ENE
20  16.2  23.0   16:30   8.9    6:00   3.3   1.2   0.0   0.0   0.9   14:00     N
21  18.7  29.1   18:00   7.8    6:00   3.2   3.6   0.0   0.0   0.0     ---   ---
22  18.1  28.2   15:30  11.4    5:00   2.4   2.2   1.6   0.0   1.3   12:30   ENE
23  15.2  21.3   15:30  11.3   00:00   3.4   0.3   0.0   0.0   1.8   17:30    SE
24  14.7  19.8   13:00   9.3    6:30   3.7   0.1   0.0   0.0   1.3   10:00   ESE
25  16.7  23.2   16:30  10.3   00:00   2.6   1.0   0.0   0.0   0.4   10:30     E
26  16.1  24.0   15:30   6.5    6:00   4.0   1.8   0.0   0.0   1.8   16:30   ENE
27  17.4  26.2   10:00   6.8    6:00   3.5   2.6   0.0   0.0   0.9   22:30   ENE
28  16.3  22.3   16:00   8.4    6:00   3.0   0.9   0.0   0.0   2.7   16:30   NNE
29  16.1  24.1   15:00   5.6    6:00   3.9   1.7   0.0   0.0   1.8   16:00     N
30  11.4  14.0    2:00   8.8    1:00   0.7   0.0   0.0   0.0   0.4    2:00     N
31
-------------------------------------------------------------------------------------
    13.4  29.1    21    -0.6    12   166.2  24.5   6.6   0.0   4.5    11     ENE

Max >=  32.0:  0
Max <=   0.0:  0
Min <=   0.0:  2
Min <= -18.0:  0
Max Rain: 4.39 ON 04-05-20
Days of Rain: 5 (> .2 mm) 1 (> 2 mm) 0 (> 20 mm)
Heat Base:  18.3  Cool Base:  18.3  Method: Integration