NOAA-Stijl Klimaat Rapport

Kies een jaar- of maandrapport
2021: jan feb maa apr mei jun jul aug sep okt nov dec
2020: jan feb maa apr mei jun jul aug sep okt nov dec
2019: jan feb maa apr mei jun jul aug sep okt nov dec
2018: jan feb maa apr mei jun jul aug sep okt nov dec
2017: jan feb maa apr mei jun jul aug sep okt nov dec
2016: jan feb maa apr mei jun jul aug sep okt nov dec
2015: jan feb maa apr mei jun jul aug sep okt nov dec
2014: jan feb maa apr mei jun jul aug sep okt nov dec
2013: jan feb maa apr mei jun jul aug sep okt nov dec
2012: jan feb maa apr mei jun jul aug sep okt nov dec
2011: jan feb maa apr mei jun jul aug sep okt nov dec

Rapport voor 2020 februari
                   MONTHLY CLIMATOLOGICAL SUMMARY for FEB. 2020

NAME: Weerstation Schinnen   CITY: Schinnen   STATE: The Netherlands 
ELEV:    75 m  LAT:  50° 56' 32" N  LONG:   5° 53' 16" E

                   TEMPERATURE (°C), RAIN  (mm), WIND SPEED (m/s)

                                      HEAT  COOL        AVG
    MEAN                              DEG   DEG         WIND                 DOM
DAY TEMP  HIGH   TIME   LOW    TIME   DAYS  DAYS  RAIN  SPEED HIGH   TIME    DIR
------------------------------------------------------------------------------------
 1  10.9  12.3    0:30   7.9   00:00   7.3   0.0  17.4   0.0   5.4   19:30    SE
 2  10.0  13.5   15:30   6.8    8:30   8.3   0.0   3.6   0.0   4.0   16:00    SE
 3   9.8  11.7   14:00   5.4   00:00   8.5   0.0  16.2   0.0   3.1   10:00     S
 4   4.8   6.7   13:00   2.1   00:00  13.5   0.0  10.8   0.0   1.3    9:30    SW
 5   4.0   7.0   15:00   1.6   23:30  14.3   0.0   0.0   0.0   0.4   16:00     N
 6   2.1   7.7   14:00  -2.3   00:00  16.2   0.0   0.2   0.0   0.0     ---   ---
 7   0.9   9.2   15:00  -3.5    8:00  17.3   0.0   0.0   0.0   1.3   14:30   NNE
 8   6.8  12.7   14:30  -1.6    0:30  11.5   0.0   0.2   0.0   4.5   12:30   ENE
 9  10.2  13.0   18:00   5.7    2:00   8.1   0.0   0.4   0.2   8.5   16:30    SW
10   8.1  11.3    0:30   3.6   00:00  10.3   0.0   0.0   0.0   7.2    6:30    SW
11   5.4   8.3   13:30   3.5    0:30  12.9   0.0   0.0   0.0   4.5    2:30   SSW
12   4.4   8.8   15:00   0.6   21:00  13.9   0.0   0.0   0.0   4.5   13:00   SSE
13   5.3   9.3   15:00   0.5    2:00  13.0   0.0   0.0   0.0   4.0   13:00   WNW
14   7.1   9.4   16:00   5.3   21:30  11.2   0.0   0.0   0.0   1.3   11:30   WNW
15   9.9  13.6   15:00   5.7    2:30   8.3   0.0   0.0   0.0   5.4   00:00   SSW
16  13.4  17.4   16:30   7.4   00:00   4.8   0.0   0.0   0.2   9.8    4:30    SW
17   8.7  12.2   13:30   7.0   19:30   9.6   0.0   0.0   0.0   4.0    1:30    SE
18   7.3   9.4   15:30   5.7    7:30  11.0   0.0   0.0   0.0   4.5    1:30   SSE
19   5.9   8.6   14:30   3.3    8:00  12.4   0.0   0.0   0.0   3.6    0:30    SE
20   7.9  11.2   14:00   3.2   00:00  10.4   0.0   0.0   0.0   4.0   20:30   SSW
21   6.2  10.2   14:30   2.2    7:30  12.1   0.0   0.0   0.0   4.5   16:00   SSW
22   8.1  10.0   21:00   4.8    3:30  10.2   0.0   0.0   0.0   6.3   14:00   SSW
23   9.8  12.7   11:30   5.5   00:00   8.4   0.0   0.0   0.0   6.3    9:30    NE
24   7.8  12.1   14:00   1.8    2:30  10.5   0.0   0.0   0.0   4.0   16:00   WNW
25   7.9  11.5   14:00   4.1   00:00  10.4   0.0   0.0   0.0   4.5   11:30     S
26   3.4   6.2   15:00   1.2    7:30  14.8   0.0   0.0   0.0   4.5    5:00    SE
27   2.2   4.4   12:00   0.6   18:30  16.1   0.0   0.0   0.0   3.1   13:30     N
28   3.7   7.9   14:30  -0.3    7:00  14.6   0.0   0.0   0.0   5.8   22:00    NW
29   8.7  14.6   14:30   4.6   00:00   9.6   0.0   0.0   0.0   6.3   14:00    SW
-------------------------------------------------------------------------------------
     6.9  17.4    16    -3.5     7   329.8   0.0  48.8   0.0   9.8    16     SSW

Max >=  32.0:  0
Max <=   0.0:  0
Min <=   0.0:  4
Min <= -18.0:  0
Max Rain: 17.40 ON 01-02-20
Days of Rain: 7 (> .2 mm) 4 (> 2 mm) 0 (> 20 mm)
Heat Base:  18.3  Cool Base:  18.3  Method: Integration