NOAA-Stijl Klimaat Rapport

Kies een jaar- of maandrapport
2021: jan feb maa apr mei jun jul aug sep okt nov dec
2020: jan feb maa apr mei jun jul aug sep okt nov dec
2019: jan feb maa apr mei jun jul aug sep okt nov dec
2018: jan feb maa apr mei jun jul aug sep okt nov dec
2017: jan feb maa apr mei jun jul aug sep okt nov dec
2016: jan feb maa apr mei jun jul aug sep okt nov dec
2015: jan feb maa apr mei jun jul aug sep okt nov dec
2014: jan feb maa apr mei jun jul aug sep okt nov dec
2013: jan feb maa apr mei jun jul aug sep okt nov dec
2012: jan feb maa apr mei jun jul aug sep okt nov dec
2011: jan feb maa apr mei jun jul aug sep okt nov dec

Rapport voor 2020 juni
                   MONTHLY CLIMATOLOGICAL SUMMARY for JUN. 2020

NAME: Weerstation Schinnen   CITY: Schinnen   STATE: The Netherlands 
ELEV:    75 m  LAT:  50° 56' 32" N  LONG:   5° 53' 16" E

                   TEMPERATURE (°C), RAIN  (mm), WIND SPEED (m/s)

                                      HEAT  COOL        AVG
    MEAN                              DEG   DEG         WIND                 DOM
DAY TEMP  HIGH   TIME   LOW    TIME   DAYS  DAYS  RAIN  SPEED HIGH   TIME    DIR
------------------------------------------------------------------------------------
 1  18.6  27.1   16:30   7.8    6:00   2.9   3.2   0.0   0.0   1.8   11:00     N
 2  20.4  30.2   16:00   8.7    5:30   2.6   4.7   0.0   0.0   0.4   12:30   NNW
 3  19.1  27.7   15:00  10.3    6:00   2.2   3.0   0.0   0.0   0.4   15:00    NE
 4  13.9  15.6    9:00  10.4   23:30   4.4   0.0   7.4   0.0   0.4   11:00   ENE
 5  10.3  13.6   16:00   7.2    5:30   8.0   0.0  12.2   0.0   3.1   13:00   ESE
 6  12.5  17.8   16:00   7.2    0:30   5.8   0.0   4.0   0.0   2.2   18:00     E
 7  14.6  20.4   15:00  10.7    3:30   3.7   0.1   0.0   0.0   1.8   12:00     E
 8  14.8  21.8   15:00  10.5    6:00   3.7   0.2   0.0   0.0   0.9    5:00   ENE
 9  14.4  18.1   16:00  12.1    2:30   3.9   0.0   0.0   0.0   0.4   10:00     E
10  15.6  20.6   15:00  12.0    9:30   3.1   0.4   0.0   0.0   0.9    7:30     N
11  16.0  21.2   13:30  11.5    6:00   2.7   0.3   0.2   0.0   0.4   11:30   ESE
12  19.2  27.2   16:00  10.7    3:30   2.1   3.0  25.0   0.0   2.2   12:00   NNW
13  21.0  27.9   14:30  14.8    6:00   0.9   3.6   9.2   0.0   0.9   17:00    NE
14  18.4  24.1   17:30  15.6    5:00   0.8   0.9   0.0   0.0   0.4   10:30     E
15  19.7  25.7   13:30  14.8    6:00   1.1   2.5   1.4   0.0   0.0     ---   ---
16  19.2  25.0   12:00  14.7   00:00   0.8   1.8   0.0   0.0   0.9   15:30   WNW
17  18.3  24.9   14:30  12.4    6:00   1.9   2.0  42.6   0.0   0.9   13:00     N
18  18.6  25.9   17:00  13.1   00:00   1.6   1.9   4.8   0.0   0.4   18:30   ENE
19  17.8  24.8   14:30  10.7    5:30   2.5   2.0   0.0   0.0   1.3   12:00    SE
20  18.2  25.7   15:00  11.8    5:00   2.3   2.2   0.0   0.0   0.4   11:30    SE
21  19.4  27.1   14:30  10.1    5:30   2.3   3.4   0.0   0.0   0.4    9:30   ESE
22  17.3  24.3   17:00  12.4    6:00   2.3   1.3   4.4   0.0   0.4   14:00     N
23  20.2  28.8   10:00  10.3    6:00   2.3   4.2   0.0   0.0   0.4   13:00   ESE
24  22.3  30.3   16:30  12.6    6:00   1.4   5.4   0.0   0.0   2.7   15:00   NNW
25  23.1  29.9   16:30  13.2    5:30   1.0   5.7   0.0   0.0   3.1   15:00   NNW
26  23.7  32.4   14:30  15.3    5:30   0.4   5.7  13.6   0.0   1.3   19:00   WNW
27  21.6  27.9   15:00  17.0    5:30   0.2   3.4   0.0   0.0   1.8   14:30     W
28  18.7  22.8   17:30  13.2   00:00   0.8   1.2   0.6   0.0   0.4    5:30   ESE
29  16.3  21.8   14:30  11.4    4:30   2.6   0.7   1.6   0.0   1.8   18:00     E
30  17.7  22.8   15:00  12.8    6:30   1.6   1.0   0.0   0.0   2.7   15:30   WNW
-------------------------------------------------------------------------------------
    18.0  32.4    26     7.2     5    72.1  63.8 126.9   0.0   3.1     5     ESE

Max >=  32.0:  1
Max <=   0.0:  0
Min <=   0.0:  0
Min <= -18.0:  0
Max Rain: 42.60 ON 17-06-20
Days of Rain: 13 (> .2 mm) 9 (> 2 mm) 2 (> 20 mm)
Heat Base:  18.3  Cool Base:  18.3  Method: Integration