NOAA-Stijl Klimaat Rapport

Kies een jaar- of maandrapport
2021: jan feb maa apr mei jun jul aug sep okt nov dec
2020: jan feb maa apr mei jun jul aug sep okt nov dec
2019: jan feb maa apr mei jun jul aug sep okt nov dec
2018: jan feb maa apr mei jun jul aug sep okt nov dec
2017: jan feb maa apr mei jun jul aug sep okt nov dec
2016: jan feb maa apr mei jun jul aug sep okt nov dec
2015: jan feb maa apr mei jun jul aug sep okt nov dec
2014: jan feb maa apr mei jun jul aug sep okt nov dec
2013: jan feb maa apr mei jun jul aug sep okt nov dec
2012: jan feb maa apr mei jun jul aug sep okt nov dec
2011: jan feb maa apr mei jun jul aug sep okt nov dec

Rapport voor 2020 juli
                   MONTHLY CLIMATOLOGICAL SUMMARY for JUL. 2020

NAME: Weerstation Schinnen   CITY: Schinnen   STATE: The Netherlands 
ELEV:    75 m  LAT:  50° 56' 32" N  LONG:   5° 53' 16" E

                   TEMPERATURE (°C), RAIN  (mm), WIND SPEED (m/s)

                                      HEAT  COOL        AVG
    MEAN                              DEG   DEG         WIND                 DOM
DAY TEMP  HIGH   TIME   LOW    TIME   DAYS  DAYS  RAIN  SPEED HIGH   TIME    DIR
------------------------------------------------------------------------------------
 1  18.4  22.3   14:30  15.4   00:00   0.7   0.8  32.0   0.0   1.8   12:00     E
 2  17.0  23.1   15:30  12.2    5:30   2.2   0.9   0.2   0.0   0.4   11:30     N
 3  16.5  22.5   15:30  11.3    2:00   2.6   0.8   0.0   0.0   1.3   12:00     E
 4  18.2  23.5   14:30  13.1    3:30   1.4   1.3   1.8   0.0   2.2   12:00     N
 5  19.8  22.7   15:30  15.7   00:00   0.2   1.7   1.6   0.0   1.3    2:00   ENE
 6  15.9  20.7   15:00  10.6   00:00   2.6   0.3   1.0   0.0   0.9    1:00   ESE
 7  15.6  22.1   15:30   7.7    6:00   3.7   0.9   0.0   0.0   0.4    9:30   ENE
 8  15.0  18.0   18:30  12.1    7:30   3.3   0.0   9.6   0.0   0.4    5:30   ESE
 9  19.0  24.0   15:00  16.1    0:30   0.8   1.5   1.4   0.0   1.3   12:00   ESE
10  17.4  21.9   14:30  12.8   00:00   1.2   0.3   1.4   0.0   1.3    6:00   ESE
11  15.1  23.4    9:30   8.4    6:00   4.0   0.8   0.2   0.0   0.4   11:00    SE
12  15.8  22.8   15:00   7.9    6:00   3.8   1.2   0.2   0.0   1.8   18:00   ESE
13  17.8  27.1   15:00   8.5    6:00   3.3   2.8   0.0   0.0   0.4   12:30    SE
14  16.5  23.1   10:00   9.8    6:00   2.9   1.1   0.2   0.0   0.9   16:00    NE
15  17.5  22.3   10:30  11.9    5:00   2.0   1.1   0.2   0.0   0.4   11:00   ESE
16  15.8  19.7   15:30  13.9    5:00   2.6   0.0   7.4   0.0   0.9   18:30    SE
17  18.0  22.3   17:30  13.3    6:00   1.4   1.1   0.4   0.0   0.0     ---   ---
18  20.7  28.6   15:30  12.0    6:30   1.6   4.0   0.0   0.0   0.0     ---   ---
19  20.8  28.1   15:00  13.6    6:30   1.0   3.6   0.0   0.0   0.4   20:00    SE
20  17.7  23.0   14:30  12.8   00:00   1.6   1.0   0.6   0.0   1.3   17:30   ESE
21  16.1  22.7   14:30   8.7    5:30   3.3   1.1   0.0   0.0   0.4   11:30   ESE
22  15.9  23.0   15:00   8.2    6:00   3.5   1.2   0.0   0.0   1.3   11:00   ESE
23  18.3  26.9   15:00   8.0    6:30   3.0   3.0   0.0   0.0   0.4   12:00     E
24  19.1  25.6   14:30  12.4    6:30   1.3   2.1   0.0   0.0   0.4   13:00    NE
25  19.2  24.2   17:00  13.5    6:00   1.2   2.1   0.2   0.0   0.4    9:30     E
26  18.8  24.0   15:30  13.4   00:00   0.8   1.3   7.0   0.0   1.8   16:30     E
27  18.8  27.3   15:00  11.6    5:30   2.2   2.7   0.4   0.0   0.4   12:30   NNW
28  19.5  24.3   15:00  14.9    2:30   0.7   1.9   0.0   0.0   1.3   14:30   ENE
29  17.6  24.4   14:30  10.6    6:00   2.4   1.7   0.0   0.0   0.4    8:00   NNE
30  19.3  27.8   15:00   9.6    6:30   2.7   3.7   0.0   0.0   0.4   18:00    SE
31  23.5  34.7   17:00  11.6    6:00   1.8   7.0   0.0   0.0   0.4   10:30   NNW
-------------------------------------------------------------------------------------
    17.9  34.7    31     7.7     7    65.8  53.2  65.8   0.0   2.2     4     ESE

Max >=  32.0:  1
Max <=   0.0:  0
Min <=   0.0:  0
Min <= -18.0:  0
Max Rain: 32.00 ON 01-07-20
Days of Rain: 18 (> .2 mm) 4 (> 2 mm) 1 (> 20 mm)
Heat Base:  18.3  Cool Base:  18.3  Method: Integration