NOAA-Stijl Klimaat Rapport

Kies een jaar- of maandrapport
2021: jan feb maa apr mei jun jul aug sep okt nov dec
2020: jan feb maa apr mei jun jul aug sep okt nov dec
2019: jan feb maa apr mei jun jul aug sep okt nov dec
2018: jan feb maa apr mei jun jul aug sep okt nov dec
2017: jan feb maa apr mei jun jul aug sep okt nov dec
2016: jan feb maa apr mei jun jul aug sep okt nov dec
2015: jan feb maa apr mei jun jul aug sep okt nov dec
2014: jan feb maa apr mei jun jul aug sep okt nov dec
2013: jan feb maa apr mei jun jul aug sep okt nov dec
2012: jan feb maa apr mei jun jul aug sep okt nov dec
2011: jan feb maa apr mei jun jul aug sep okt nov dec

Rapport voor 2020 augustus
                   MONTHLY CLIMATOLOGICAL SUMMARY for AUG. 2020

NAME: Weerstation Schinnen   CITY: Schinnen   STATE: The Netherlands 
ELEV:    75 m  LAT:  50° 56' 32" N  LONG:   5° 53' 16" E

                   TEMPERATURE (°C), RAIN  (mm), WIND SPEED (m/s)

                                      HEAT  COOL        AVG
    MEAN                              DEG   DEG         WIND                 DOM
DAY TEMP  HIGH   TIME   LOW    TIME   DAYS  DAYS  RAIN  SPEED HIGH   TIME    DIR
------------------------------------------------------------------------------------
 1  23.5  30.9   14:30  17.6    1:30   0.0   5.2   0.0   0.0   0.9   20:30    NE
 2  19.1  24.7   15:00  13.3   00:00   0.8   1.6   0.0   0.0   0.4   17:30     E
 3  16.8  24.3   15:00   9.4    5:30   3.1   1.6   0.0   0.0   2.7   20:00    SE
 4  16.9  24.1   15:00  11.1    6:30   2.7   1.3   0.0   0.0   0.4   10:00   ESE
 5  19.1  28.7   14:30   8.8    6:00   3.0   3.8   0.0   0.0   0.4    6:30    SE
 6  21.8  31.5   14:30  11.3    6:00   2.0   5.5   0.0   0.0   0.4   14:30   ESE
 7  23.6  33.9   14:30  13.1    6:00   1.4   6.6   0.0   0.0   0.4   12:00   ESE
 8  25.1  35.6   14:30  14.4    6:30   0.9   7.6   0.0   0.0   0.4   19:00     N
 9  22.2  28.0   20:00  18.4    2:00   0.0   3.9   5.8   0.0   0.4   20:00     N
10  24.8  33.4   14:00  16.2    6:30   0.3   6.8   0.0   0.0   0.9   12:30   NNW
11  25.2  33.7   14:30  18.1    6:30   0.0   6.9   2.4   0.0   1.8   14:00   NNW
12  23.7  32.4   15:00  19.0    7:00   0.0   5.4  11.8   0.0   1.3   10:30    NE
13  24.7  32.5   14:30  19.2   00:00   0.0   6.4   0.6   0.0   1.3   16:00   ENE
14  22.4  28.9   14:30  16.8    6:30   0.2   4.3   0.0   0.0   1.3   13:30    NW
15  21.3  27.2   15:00  16.7    6:30   0.2   3.1   0.2   0.0   1.8   18:00     E
16  20.6  28.7   12:30  16.3    6:30   0.5   2.8  19.2   0.0   2.2   14:30     N
17  19.6  26.4   15:30  15.8    3:00   0.8   2.1   0.4   0.0   0.4    9:30     W
18  18.3  25.0   15:00  13.9    5:00   1.6   1.6   1.0   0.0   0.0     ---   ---
19  20.1  27.6   14:30  12.2    6:30   1.7   3.6   0.2   0.0   0.9   16:00    NW
20  24.3  29.9   14:30  19.3    5:30   0.0   6.0   0.0   0.0   1.8   21:00   WNW
21  23.1  28.6   15:00  19.3   00:00   0.0   4.8   0.6   0.0   2.7   13:30   WNW
22  19.6  24.2   15:00  15.1   00:00   0.7   2.0   1.8   0.0   1.8   14:00     E
23  17.2  21.0   17:00  14.5    1:30   1.6   0.5   3.6   0.0   0.9   14:00   NNE
24  17.1  21.3   15:30  13.6    4:30   1.8   0.6   0.0   0.0   0.9   17:30     E
25  17.1  22.8   17:00  12.1    6:30   1.9   0.7   1.8   0.0   1.3   13:30   WNW
26  17.9  19.9   17:00  15.6   23:30   0.7   0.3   0.2   0.0   3.6    8:30   ENE
27  16.8  21.5   16:00  11.7    6:30   2.1   0.7   2.0   0.0   0.4   13:00    NW
28  17.2  21.4   14:00  13.4   23:30   1.7   0.6   0.2   0.0   3.1   18:30   NNW
29  15.6  20.4   15:30  11.9   00:00   3.0   0.3   0.4   0.0   0.9    9:00   ENE
30  14.9  21.4   15:00   8.9    4:30   3.7   0.3  14.2   0.0   0.4   12:00    NE
31  14.6  18.4   16:30  11.0   00:00   3.7   0.0   5.2   0.0   0.4    7:30   SSE
-------------------------------------------------------------------------------------
    20.1  35.6     8     8.8     5    40.4  97.1  71.7   0.0   3.6    26     WNW

Max >=  32.0:  6
Max <=   0.0:  0
Min <=   0.0:  0
Min <= -18.0:  0
Max Rain: 19.20 ON 16-08-20
Days of Rain: 19 (> .2 mm) 8 (> 2 mm) 0 (> 20 mm)
Heat Base:  18.3  Cool Base:  18.3  Method: Integration