NOAA-Stijl Klimaat Rapport

Kies een jaar- of maandrapport
2021: jan feb maa apr mei jun jul aug sep okt nov dec
2020: jan feb maa apr mei jun jul aug sep okt nov dec
2019: jan feb maa apr mei jun jul aug sep okt nov dec
2018: jan feb maa apr mei jun jul aug sep okt nov dec
2017: jan feb maa apr mei jun jul aug sep okt nov dec
2016: jan feb maa apr mei jun jul aug sep okt nov dec
2015: jan feb maa apr mei jun jul aug sep okt nov dec
2014: jan feb maa apr mei jun jul aug sep okt nov dec
2013: jan feb maa apr mei jun jul aug sep okt nov dec
2012: jan feb maa apr mei jun jul aug sep okt nov dec
2011: jan feb maa apr mei jun jul aug sep okt nov dec

Rapport voor 2020 september
                   MONTHLY CLIMATOLOGICAL SUMMARY for SEP. 2020

NAME: Weerstation Schinnen   CITY: Schinnen   STATE: The Netherlands 
ELEV:    75 m  LAT:  50° 56' 32" N  LONG:   5° 53' 16" E

                   TEMPERATURE (°C), RAIN  (mm), WIND SPEED (m/s)

                                      HEAT  COOL        AVG
    MEAN                              DEG   DEG         WIND                 DOM
DAY TEMP  HIGH   TIME   LOW    TIME   DAYS  DAYS  RAIN  SPEED HIGH   TIME    DIR
------------------------------------------------------------------------------------
 1  13.4  19.3   13:30   8.1    7:30   4.9   0.0   0.0   0.0   0.4   13:00    SE
 2  14.6  21.9   14:30   9.5    5:30   4.3   0.5   0.0   0.0   0.0     ---   ---
 3  15.1  19.6   17:30   9.4    2:30   3.5   0.2   1.6   0.0   0.9   13:30   WNW
 4  18.7  20.2   18:30  15.9   00:00   0.2   0.6   2.6   0.0   0.4    0:30   WSW
 5  14.9  19.9   15:00   8.2   00:00   3.5   0.2   4.6   0.0   0.9   11:30   ENE
 6  12.7  20.6   15:00   6.7    6:00   5.8   0.2   0.0   0.0   0.0     ---   ---
 7  12.7  20.3   14:00   6.2    7:00   5.8   0.3   0.2   0.0   0.0     ---   ---
 8  15.2  21.8   16:00   8.9    4:30   3.8   0.7   0.0   0.0   0.9   11:00   ENE
 9  18.1  23.5   16:00  11.8    7:00   1.8   1.5   0.0   0.0   0.4   10:30   NNW
10  15.1  19.8   15:00   8.8   00:00   3.4   0.2   0.0   0.0   0.9    1:00   ENE
11  13.7  22.2   15:00   6.2    7:00   5.3   0.7   0.0   0.0   0.0     ---   ---
12  14.1  20.4   15:00   9.2    7:00   4.6   0.3   0.0   0.0   0.4   11:30   ESE
13  15.1  22.9   15:00   8.1    7:30   4.2   1.0   0.0   0.0   0.0     ---   ---
14  17.4  27.8   15:00   9.1    7:30   3.2   2.4   0.0   0.0   0.0     ---   ---
15  19.1  30.1   15:00  11.8    7:30   2.1   2.9   0.0   0.0   0.4   10:30     N
16  19.8  26.8   15:00  13.9    7:30   1.1   2.7   0.0   0.0   0.4   13:00    SE
17  15.6  19.9   16:30  10.9    7:30   3.0   0.3   0.0   0.0   2.7   13:00    SE
18  15.4  23.7   16:30   7.1    5:30   4.2   1.3   0.0   0.0   2.7   16:00   NNW
19  16.4  25.4   16:00   8.8    8:00   3.7   1.8   0.0   0.0   0.4    1:30   NNW
20  14.3  23.9   14:30   7.4    7:30   5.2   1.3   0.0   0.0   0.4   14:30    SE
21  12.8  22.9   15:00   5.8    8:00   6.3   0.7   0.0   0.0   0.4   12:30    SE
22  13.1  22.8   15:30   6.0    7:30   5.8   0.7   0.0   0.0   0.0     ---   ---
23  15.3  23.1   15:00   8.1    7:30   4.0   1.0   0.2   0.0   1.8   15:30   WNW
24  14.4  17.9   15:30  11.0    7:30   3.9   0.0   6.8   0.0   2.2    9:30   WNW
25  10.6  13.4   15:00   7.9    6:30   7.7   0.0   9.0   0.0   2.2   22:30   WNW
26  11.2  14.2   17:30   9.4    2:00   7.1   0.0  13.4   0.0   4.5    2:30     E
27  11.9  14.1   17:30   7.8   00:00   6.4   0.0  18.0   0.0   2.7   10:00    SE
28  10.7  11.5   11:00   7.9    0:30   7.6   0.0   3.0   0.0   1.3   16:00   WNW
29  13.9  17.2   17:30  11.3    0:30   4.3   0.0   4.0   0.0   0.9   12:30   ESE
30  15.4  18.8   17:00  12.7    6:30   2.9   0.0   0.4   0.0   0.0     ---   ---
-------------------------------------------------------------------------------------
    14.7  30.1    15     5.8    21   129.7  21.6  63.8   0.0   4.5    26      SE

Max >=  32.0:  0
Max <=   0.0:  0
Min <=   0.0:  0
Min <= -18.0:  0
Max Rain: 18.01 ON 27-09-20
Days of Rain: 12 (> .2 mm) 8 (> 2 mm) 0 (> 20 mm)
Heat Base:  18.3  Cool Base:  18.3  Method: Integration