NOAA-Stijl Klimaat Rapport

Kies een jaar- of maandrapport
2021: jan feb maa apr mei jun jul aug sep okt nov dec
2020: jan feb maa apr mei jun jul aug sep okt nov dec
2019: jan feb maa apr mei jun jul aug sep okt nov dec
2018: jan feb maa apr mei jun jul aug sep okt nov dec
2017: jan feb maa apr mei jun jul aug sep okt nov dec
2016: jan feb maa apr mei jun jul aug sep okt nov dec
2015: jan feb maa apr mei jun jul aug sep okt nov dec
2014: jan feb maa apr mei jun jul aug sep okt nov dec
2013: jan feb maa apr mei jun jul aug sep okt nov dec
2012: jan feb maa apr mei jun jul aug sep okt nov dec
2011: jan feb maa apr mei jun jul aug sep okt nov dec

Rapport voor 2020 november
                   MONTHLY CLIMATOLOGICAL SUMMARY for NOV. 2020

NAME: Weerstation Schinnen   CITY: Schinnen   STATE: The Netherlands 
ELEV:    75 m  LAT:  50° 56' 32" N  LONG:   5° 53' 16" E

                   TEMPERATURE (°C), RAIN  (mm), WIND SPEED (m/s)

                                      HEAT  COOL        AVG
    MEAN                              DEG   DEG         WIND                 DOM
DAY TEMP  HIGH   TIME   LOW    TIME   DAYS  DAYS  RAIN  SPEED HIGH   TIME    DIR
------------------------------------------------------------------------------------
 1  14.9  17.6   15:30  10.6    8:00   3.4   0.0   1.6   0.0   3.6   13:00   WNW
 2  16.9  20.5   13:30  10.2   00:00   1.9   0.5   4.4   0.0   4.9    9:00   WNW
 3   9.1  13.1   14:00   5.8   00:00   9.2   0.0   0.0   0.0   1.8   14:30   WNW
 4   4.9  11.3   14:30   0.1   00:00  13.4   0.0   0.0   0.0   0.9   12:00    SE
 5   2.8  10.0   14:30  -1.7    8:00  15.4   0.0   0.2   0.0   0.0     ---   ---
 6   4.6  12.1   14:30  -0.7    7:30  13.7   0.0   0.0   0.0   0.9   15:00   NNW
 7   5.7  14.8   14:30   0.0    4:30  12.6   0.0   0.0   0.0   0.9   11:00   SSE
 8   8.1  13.6   14:00   2.1    7:30  10.2   0.0   1.8   0.0   0.0     ---   ---
 9  11.6  15.8   15:00   8.1    5:30   6.7   0.0   0.2   0.0   0.9    8:00   NNW
10  10.9  15.6   15:00   5.4    8:00   7.4   0.0   0.4   0.0   1.8    9:30    NE
11  10.2  15.0   15:30   6.2   23:00   8.1   0.0   0.2   0.0   0.0     ---   ---
12   9.6  13.5   12:30   2.9   00:00   8.7   0.0   0.0   0.0   1.3    8:00    NW
13   9.1  14.8   13:30   1.8    8:00   9.2   0.0   0.4   0.0   1.8   13:00   WNW
14  12.6  16.0   14:00  10.1   19:00   5.7   0.0   0.0   0.0   2.7   10:30   WNW
15  13.1  17.2   14:30   8.3   21:30   5.2   0.0   7.4   0.0   3.6   17:00   WNW
16  10.3  12.6   14:30   8.9    0:30   8.0   0.0   0.8   0.0   2.7    6:30   WNW
17  11.6  13.1   12:00  10.1    1:00   6.7   0.0   0.2   0.0   2.2    1:30   WNW
18  11.7  15.7   14:30   5.8    9:00   6.6   0.0   0.0   0.0   2.7   00:00   WNW
19   8.6  14.3    2:00   1.9   22:30   9.8   0.0   5.6   0.0   2.7    2:00    SE
20   3.3   6.8   14:00  -1.3   23:30  15.0   0.0   0.0   0.0   0.0     ---   ---
21   6.6   9.9   15:00  -1.3    0:30  11.8   0.0   0.0   0.0   3.1   10:30   WNW
22   8.8   9.6   11:30   7.9    4:30   9.5   0.0   2.8   0.0   0.4    0:30   WNW
23   6.4   8.7    0:30   1.8   20:00  11.9   0.0   0.0   0.0   0.0     ---   ---
24   4.8  10.4   14:30   0.6   00:00  13.4   0.0   0.2   0.0   0.0     ---   ---
25   4.1  10.8   15:00  -1.1    8:00  14.2   0.0   0.0   0.0   0.9   14:00   WNW
26   7.4  13.4   13:30   1.5   22:30  10.9   0.0   0.0   0.0   0.0     ---   ---
27   4.6   9.2   14:30   1.8    7:30  13.7   0.0   0.0   0.0   0.0     ---   ---
28   4.9   8.1   14:30   2.1   21:00  13.4   0.0   0.0   0.0   0.4   15:00    NE
29   1.1   3.3    0:30  -4.3   00:00  17.2   0.0   0.0   0.0   2.2   10:30   NNE
30   1.8   4.5   17:00  -4.3    0:30  16.5   0.0   5.2   0.0   2.7   22:00   WNW
-------------------------------------------------------------------------------------
     8.0  20.5     2    -4.3    29   309.5   0.5  31.4   0.0   4.9     2     WNW

Max >=  32.0:  0
Max <=   0.0:  0
Min <=   0.0:  8
Min <= -18.0:  0
Max Rain: 7.39 ON 15-11-20
Days of Rain: 15 (> .2 mm) 5 (> 2 mm) 0 (> 20 mm)
Heat Base:  18.3  Cool Base:  18.3  Method: Integration